
{"id":38,"date":"2020-01-27T14:08:07","date_gmt":"2020-01-27T13:08:07","guid":{"rendered":"https:\/\/odra.dracosk.pl\/blog-podrozniczy\/?page_id=38"},"modified":"2021-12-13T11:04:31","modified_gmt":"2021-12-13T10:04:31","slug":"polacy-rozsiani-po-calym-swiecie","status":"publish","type":"page","link":"https:\/\/odraniemen.org\/blog-podrozniczy\/?page_id=38","title":{"rendered":"Polacy rozsiani po \u015bwiecie"},"content":{"rendered":"\t\t<div data-elementor-type=\"wp-page\" data-elementor-id=\"38\" class=\"elementor elementor-38\">\n\t\t\t\t\t\t<section class=\"has_eae_slider elementor-section elementor-top-section elementor-element elementor-element-831f64d elementor-section-boxed elementor-section-height-default elementor-section-height-default\" data-eae-slider=\"38703\" data-id=\"831f64d\" data-element_type=\"section\" data-e-type=\"section\">\n\t\t\t\t\t\t<div class=\"elementor-container elementor-column-gap-default\">\n\t\t\t\t\t<div class=\"has_eae_slider elementor-column elementor-col-100 elementor-top-column elementor-element elementor-element-e615c3c\" data-eae-slider=\"25005\" data-id=\"e615c3c\" data-element_type=\"column\" data-e-type=\"column\">\n\t\t\t<div class=\"elementor-widget-wrap elementor-element-populated\">\n\t\t\t\t\t\t<div class=\"elementor-element elementor-element-d940d9e elementor-widget elementor-widget-heading\" data-id=\"d940d9e\" data-element_type=\"widget\" data-e-type=\"widget\" data-widget_type=\"heading.default\">\n\t\t\t\t<div class=\"elementor-widget-container\">\n\t\t\t\t\t<h2 class=\"elementor-heading-title elementor-size-default\">Polacy rozsiani po \u015bwiecie<\/h2>\t\t\t\t<\/div>\n\t\t\t\t<\/div>\n\t\t\t\t<div class=\"elementor-element elementor-element-d10e4ae elementor-widget elementor-widget-text-editor\" data-id=\"d10e4ae\" data-element_type=\"widget\" data-e-type=\"widget\" data-widget_type=\"text-editor.default\">\n\t\t\t\t<div class=\"elementor-widget-container\">\n\t\t\t\t\t\t\t\t\t<p>W ka\u017cdym miejscu, do kt\u00f3rego trafiamy, szukamy polskich \u015blad\u00f3w. Niekt\u00f3re podr\u00f3\u017ce, jak do Anglii na zaproszenie wsp\u00f3\u0142czesnej emigracji, w oczywisty spos\u00f3b prowadz\u0105 nas do kombatant\u00f3w i Sybirak\u00f3w, kt\u00f3rzy trafili tam po wojnie. Ale zdarzaj\u0105 si\u0119 nieoczywiste kierunki, gdzie odpoczywaj\u0105c na urlopach niestrudzenie szukamy \u015blad\u00f3w Polak\u00f3w.<\/p>\t\t\t\t\t\t\t\t<\/div>\n\t\t\t\t<\/div>\n\t\t\t\t\t<\/div>\n\t\t<\/div>\n\t\t\t\t\t<\/div>\n\t\t<\/section>\n\t\t\t\t<section class=\"has_eae_slider elementor-section elementor-top-section elementor-element elementor-element-1fce803 elementor-section-boxed elementor-section-height-default elementor-section-height-default\" data-eae-slider=\"87093\" data-id=\"1fce803\" data-element_type=\"section\" data-e-type=\"section\">\n\t\t\t\t\t\t<div class=\"elementor-container elementor-column-gap-default\">\n\t\t\t\t\t<div class=\"has_eae_slider elementor-column elementor-col-100 elementor-top-column elementor-element elementor-element-73357df\" data-eae-slider=\"38845\" data-id=\"73357df\" data-element_type=\"column\" data-e-type=\"column\">\n\t\t\t<div class=\"elementor-widget-wrap elementor-element-populated\">\n\t\t\t\t\t\t<section class=\"has_eae_slider elementor-section elementor-inner-section elementor-element elementor-element-52b99a7 elementor-section-boxed elementor-section-height-default elementor-section-height-default\" data-eae-slider=\"53957\" data-id=\"52b99a7\" data-element_type=\"section\" data-e-type=\"section\">\n\t\t\t\t\t\t<div class=\"elementor-container elementor-column-gap-default\">\n\t\t\t\t\t<div class=\"has_eae_slider elementor-column elementor-col-50 elementor-inner-column elementor-element elementor-element-ec01b99\" data-eae-slider=\"90842\" data-id=\"ec01b99\" data-element_type=\"column\" data-e-type=\"column\">\n\t\t\t<div class=\"elementor-widget-wrap\">\n\t\t\t\t\t\t\t<\/div>\n\t\t<\/div>\n\t\t\t\t<div class=\"has_eae_slider elementor-column elementor-col-50 elementor-inner-column elementor-element elementor-element-191a501\" data-eae-slider=\"91001\" data-id=\"191a501\" data-element_type=\"column\" data-e-type=\"column\">\n\t\t\t<div class=\"elementor-widget-wrap elementor-element-populated\">\n\t\t\t\t\t\t<div class=\"elementor-element elementor-element-6c56e31 elementor-widget elementor-widget-shortcode\" data-id=\"6c56e31\" data-element_type=\"widget\" data-e-type=\"widget\" data-widget_type=\"shortcode.default\">\n\t\t\t\t<div class=\"elementor-widget-container\">\n\t\t\t\t\t<div class=\"osm_error_msg\"><p><strong style=\"color:red\">[OSM-Plugin-Error]:zoom out of range!<\/strong><\/p><\/div><div class=\"osm_error_msg\"><p><strong style=\"color:red\">[OSM-Plugin-Error]:gcStats plugin is not activated!<\/strong><\/p><\/div>\n\n\t\t<div class=\"elementor-shortcode\"><link rel='stylesheet' id='osm-ol3-css-css' href='https:\/\/odraniemen.org\/blog-podrozniczy\/wp-content\/plugins\/osm\/js\/OL\/10.9.0\/ol.css?ver=6.9.4' media='all' \/>\n<link rel='stylesheet' id='osm-ol3-ext-css-css' href='https:\/\/odraniemen.org\/blog-podrozniczy\/wp-content\/plugins\/osm\/css\/osm_map_v3.css?ver=6.9.4' media='all' \/>\n<link rel='stylesheet' id='osm-map-css-css' href='https:\/\/odraniemen.org\/blog-podrozniczy\/wp-content\/plugins\/osm\/css\/osm_map.css?ver=6.9.4' media='all' \/>\n<!--n2css--><!--n2js--><script src=\"https:\/\/odraniemen.org\/blog-podrozniczy\/wp-includes\/js\/dist\/vendor\/wp-polyfill.js?ver=3.15.0\" id=\"wp-polyfill-js\"><\/script>\n<script src=\"https:\/\/odraniemen.org\/blog-podrozniczy\/wp-content\/plugins\/osm\/js\/OL\/10.9.0\/ol.js?ver=10.9.0\" id=\"osm-ol3-library-js\"><\/script>\n<script src=\"https:\/\/odraniemen.org\/blog-podrozniczy\/wp-content\/plugins\/osm\/js\/osm-v3-plugin-lib.js?ver=1.0.0\" id=\"osm-ol3-ext-library-js\"><\/script>\n<script src=\"https:\/\/odraniemen.org\/blog-podrozniczy\/wp-content\/plugins\/osm\/js\/osm-metabox-events.js?ver=1.0.0\" id=\"osm-ol3-metabox-events-js\"><\/script>\n<script src=\"https:\/\/odraniemen.org\/blog-podrozniczy\/wp-includes\/js\/jquery\/jquery.js?ver=3.7.1\" id=\"jquery-core-js\"><\/script>\n<script src=\"https:\/\/odraniemen.org\/blog-podrozniczy\/wp-includes\/js\/jquery\/jquery-migrate.js?ver=3.4.1\" id=\"jquery-migrate-js\"><\/script>\n<script id=\"osm-map-startup-js-extra\">\nvar translations = {\"openlayer\":\"open layer\",\"openlayerAtStartup\":\"open layer at startup\",\"generateLink\":\"link to this map with opened layers\",\"shortDescription\":\"short description\",\"generatedShortCode\":\"to get a text control link paste this code in your wordpress editor\",\"closeLayer\":\"close layer\",\"cantGenerateLink\":\"put this string in the existing map short code to control this map\"};\n\/\/# sourceURL=osm-map-startup-js-extra\n<\/script>\n<script src=\"https:\/\/odraniemen.org\/blog-podrozniczy\/wp-content\/plugins\/osm\/js\/osm-startup-lib.js?ver=V6.2.5\" id=\"osm-map-startup-js\"><\/script>\n\n        <div id=\"map_ol3js_1\"\n       class=\"osm-map-container undefined\"\n             data-map_name=\"undefined\"\n             data-map=\"map_ol3js_1\"\n             data-autoshow=\"no\"\n             style=\"width:100%;\n                    max-width:100%;\n                    height:350px;\n                    display:block;\n                    overflow:hidden;\n                    border:none;\n                    position: relative;\">\n          <div id=\"map_ol3js_1_popup\" class=\"ol-popup\">\n            <a href=\"#\" id=\"map_ol3js_1_popup-closer\" class=\"ol-popup-closer\"><\/a>\n            <div id=\"map_ol3js_1_popup-content\"><\/div>\n          <\/div>\n        <\/div>\n    <script type=\"text\/javascript\">\n\t\t\t  vectorM['map_ol3js_1'] = [];\n\t        \n        var raster = getTileLayer(\"osm\",\"NoKey\");\t\t\t\n\n\t\t\t  var map_ol3js_1 = new ol.Map({\n\t\t\t\tinteractions: ol.interaction.defaults.defaults({mouseWheelZoom:false}),\n\t\t\t\tlayers: [raster],\n\t\t\t\ttarget: \"map_ol3js_1\",\n\t\t\t\tview: new ol.View({\n\t\t\t\t  center: ol.proj.transform([35,0], \"EPSG:4326\", \"EPSG:3857\"),\n\t\t\t\t  zoom: 4\n\t\t\t\t})\n\t\t\t  });\n\t\t\t  var vectorMarkerSource = new ol.source.Vector({});\n\t\t\t\t  var iconFeature0 = new ol.Feature({\n\t\t\t\t    geometry: new ol.geom.Point(\n\t\t\t\t    ol.proj.transform([-82.2992,23.1285], \"EPSG:4326\", \"EPSG:3857\")),\n\t\t\t\t    name: \"<a href=\\\"https:\/\/odraniemen.org\/blog-podrozniczy\/?p=577\\\">Polskie \u015blady na Kubie<\/a><br>\"\n\t\t\t\t  });\n\t\t\t\t  vectorMarkerSource.addFeature(iconFeature0);\n\t\t\t   \n\t\t\t\t  var iconFeature1 = new ol.Feature({\n\t\t\t\t    geometry: new ol.geom.Point(\n\t\t\t\t    ol.proj.transform([27.6835,55.1369], \"EPSG:4326\", \"EPSG:3857\")),\n\t\t\t\t    name: \"<a href=\\\"https:\/\/odraniemen.org\/blog-podrozniczy\/?p=1315\\\">Podr\u00f3\u017c do korzeni \u2013 Bia\u0142oru\u015b (Zadro\u017ce &#8211; G\u0142\u0119bokie &#8211; Plisa)<\/a><br>\"\n\t\t\t\t  });\n\t\t\t\t  vectorMarkerSource.addFeature(iconFeature1);\n\t\t\t   vectorMarkerLayer = getVectorClusterLayer(\n                                            vectorMarkerSource,\n                                            [255,0,0, 0.5],\n                                            [255,0,0, 0.85],\n                                            \"https:\/\/odraniemen.org\/blog-podrozniczy\/wp-content\/plugins\/osm\/icons\/mic_red_pinother_02.png\",\n                                            -16,\n                                            -41);map_ol3js_1.addLayer(vectorMarkerLayer);addControls2Map(map_ol3js_1,0,0,3,0,5,6,7,0,1);\nosm_addClusterPopupClickhandler(map_ol3js_1,  \"map_ol3js_1\"); \nosm_addMouseHover(map_ol3js_1); <\/script><\/div>\n\t\t\t\t\t\t<\/div>\n\t\t\t\t<\/div>\n\t\t\t\t\t<\/div>\n\t\t<\/div>\n\t\t\t\t\t<\/div>\n\t\t<\/section>\n\t\t\t\t\t<\/div>\n\t\t<\/div>\n\t\t\t\t\t<\/div>\n\t\t<\/section>\n\t\t\t\t<\/div>\n\t\t","protected":false},"excerpt":{"rendered":"<p>Polacy rozsiani po \u015bwiecie W ka\u017cdym miejscu, do kt\u00f3rego trafiamy, szukamy polskich \u015blad\u00f3w. Niekt\u00f3re podr\u00f3\u017ce, jak do Anglii na zaproszenie wsp\u00f3\u0142czesnej emigracji, w oczywisty spos\u00f3b prowadz\u0105 nas do kombatant\u00f3w i Sybirak\u00f3w, kt\u00f3rzy trafili tam po wojnie. Ale zdarzaj\u0105 si\u0119 nieoczywiste kierunki, gdzie odpoczywaj\u0105c na urlopach niestrudzenie szukamy \u015blad\u00f3w Polak\u00f3w. Londyn 8 lutego 2020 Wielka BrytaniaB\u0119d\u0105c [&hellip;]<\/p>\n","protected":false},"author":166,"featured_media":0,"parent":0,"menu_order":0,"comment_status":"closed","ping_status":"closed","template":"","meta":{"site-sidebar-layout":"no-sidebar","site-content-layout":"page-builder","ast-site-content-layout":"default","site-content-style":"default","site-sidebar-style":"default","ast-global-header-display":"","ast-banner-title-visibility":"","ast-main-header-display":"","ast-hfb-above-header-display":"","ast-hfb-below-header-display":"","ast-hfb-mobile-header-display":"","site-post-title":"disabled","ast-breadcrumbs-content":"","ast-featured-img":"disabled","footer-sml-layout":"","ast-disable-related-posts":"","theme-transparent-header-meta":"default","adv-header-id-meta":"","stick-header-meta":"","header-above-stick-meta":"","header-main-stick-meta":"","header-below-stick-meta":"","astra-migrate-meta-layouts":"default","ast-page-background-enabled":"default","ast-page-background-meta":{"desktop":{"background-color":"","background-image":"","background-repeat":"repeat","background-position":"center center","background-size":"auto","background-attachment":"scroll","background-type":"","background-media":"","overlay-type":"","overlay-color":"","overlay-opacity":"","overlay-gradient":""},"tablet":{"background-color":"","background-image":"","background-repeat":"repeat","background-position":"center center","background-size":"auto","background-attachment":"scroll","background-type":"","background-media":"","overlay-type":"","overlay-color":"","overlay-opacity":"","overlay-gradient":""},"mobile":{"background-color":"","background-image":"","background-repeat":"repeat","background-position":"center center","background-size":"auto","background-attachment":"scroll","background-type":"","background-media":"","overlay-type":"","overlay-color":"","overlay-opacity":"","overlay-gradient":""}},"ast-content-background-meta":{"desktop":{"background-color":"var(--ast-global-color-5)","background-image":"","background-repeat":"repeat","background-position":"center center","background-size":"auto","background-attachment":"scroll","background-type":"","background-media":"","overlay-type":"","overlay-color":"","overlay-opacity":"","overlay-gradient":""},"tablet":{"background-color":"var(--ast-global-color-5)","background-image":"","background-repeat":"repeat","background-position":"center center","background-size":"auto","background-attachment":"scroll","background-type":"","background-media":"","overlay-type":"","overlay-color":"","overlay-opacity":"","overlay-gradient":""},"mobile":{"background-color":"var(--ast-global-color-5)","background-image":"","background-repeat":"repeat","background-position":"center center","background-size":"auto","background-attachment":"scroll","background-type":"","background-media":"","overlay-type":"","overlay-color":"","overlay-opacity":"","overlay-gradient":""}},"footnotes":""},"class_list":["post-38","page","type-page","status-publish","hentry"],"yoast_head":"<!-- This site is optimized with the Yoast SEO plugin v27.6 - https:\/\/yoast.com\/product\/yoast-seo-wordpress\/ -->\n<title>Polacy rozsiani po \u015bwiecie - Blog podr\u00f3\u017cniczy<\/title>\n<meta name=\"robots\" content=\"index, follow, max-snippet:-1, max-image-preview:large, max-video-preview:-1\" \/>\n<link rel=\"canonical\" href=\"https:\/\/odraniemen.org\/blog-podrozniczy\/?page_id=38\" \/>\n<meta property=\"og:locale\" content=\"pl_PL\" \/>\n<meta property=\"og:type\" content=\"article\" \/>\n<meta property=\"og:title\" content=\"Polacy rozsiani po \u015bwiecie - Blog podr\u00f3\u017cniczy\" \/>\n<meta property=\"og:description\" content=\"Polacy rozsiani po \u015bwiecie W ka\u017cdym miejscu, do kt\u00f3rego trafiamy, szukamy polskich \u015blad\u00f3w. Niekt\u00f3re podr\u00f3\u017ce, jak do Anglii na zaproszenie wsp\u00f3\u0142czesnej emigracji, w oczywisty spos\u00f3b prowadz\u0105 nas do kombatant\u00f3w i Sybirak\u00f3w, kt\u00f3rzy trafili tam po wojnie. Ale zdarzaj\u0105 si\u0119 nieoczywiste kierunki, gdzie odpoczywaj\u0105c na urlopach niestrudzenie szukamy \u015blad\u00f3w Polak\u00f3w. Londyn 8 lutego 2020 Wielka BrytaniaB\u0119d\u0105c [&hellip;]\" \/>\n<meta property=\"og:url\" content=\"https:\/\/odraniemen.org\/blog-podrozniczy\/?page_id=38\" \/>\n<meta property=\"og:site_name\" content=\"Blog podr\u00f3\u017cniczy\" \/>\n<meta property=\"article:modified_time\" content=\"2021-12-13T10:04:31+00:00\" \/>\n<meta property=\"og:image\" content=\"https:\/\/odraniemen.org\/blog-podrozniczy\/wp-content\/uploads\/sites\/12\/2020\/01\/vintage-mapa-swiata-fizycznego-z-ilustracji-wektorowych-rzek-i-gor-retro-rocznika-stara-mapa-swiata-z-zabytkowym-statku-podrozy_53562-4815.jpg\" \/>\n<meta name=\"twitter:card\" content=\"summary_large_image\" \/>\n<meta name=\"twitter:label1\" content=\"Szacowany czas czytania\" \/>\n\t<meta name=\"twitter:data1\" content=\"1 minuta\" \/>\n<script type=\"application\/ld+json\" class=\"yoast-schema-graph\">{\"@context\":\"https:\\\/\\\/schema.org\",\"@graph\":[{\"@type\":\"WebPage\",\"@id\":\"https:\\\/\\\/odraniemen.org\\\/blog-podrozniczy\\\/?page_id=38\",\"url\":\"https:\\\/\\\/odraniemen.org\\\/blog-podrozniczy\\\/?page_id=38\",\"name\":\"Polacy rozsiani po \u015bwiecie - Blog podr\u00f3\u017cniczy\",\"isPartOf\":{\"@id\":\"https:\\\/\\\/odraniemen.org\\\/blog-podrozniczy\\\/#website\"},\"primaryImageOfPage\":{\"@id\":\"https:\\\/\\\/odraniemen.org\\\/blog-podrozniczy\\\/?page_id=38#primaryimage\"},\"image\":{\"@id\":\"https:\\\/\\\/odraniemen.org\\\/blog-podrozniczy\\\/?page_id=38#primaryimage\"},\"thumbnailUrl\":\"https:\\\/\\\/odraniemen.org\\\/blog-podrozniczy\\\/wp-content\\\/uploads\\\/sites\\\/12\\\/2020\\\/01\\\/vintage-mapa-swiata-fizycznego-z-ilustracji-wektorowych-rzek-i-gor-retro-rocznika-stara-mapa-swiata-z-zabytkowym-statku-podrozy_53562-4815.jpg\",\"datePublished\":\"2020-01-27T13:08:07+00:00\",\"dateModified\":\"2021-12-13T10:04:31+00:00\",\"breadcrumb\":{\"@id\":\"https:\\\/\\\/odraniemen.org\\\/blog-podrozniczy\\\/?page_id=38#breadcrumb\"},\"inLanguage\":\"pl-PL\",\"potentialAction\":[{\"@type\":\"ReadAction\",\"target\":[\"https:\\\/\\\/odraniemen.org\\\/blog-podrozniczy\\\/?page_id=38\"]}]},{\"@type\":\"ImageObject\",\"inLanguage\":\"pl-PL\",\"@id\":\"https:\\\/\\\/odraniemen.org\\\/blog-podrozniczy\\\/?page_id=38#primaryimage\",\"url\":\"https:\\\/\\\/odraniemen.org\\\/blog-podrozniczy\\\/wp-content\\\/uploads\\\/sites\\\/12\\\/2020\\\/01\\\/vintage-mapa-swiata-fizycznego-z-ilustracji-wektorowych-rzek-i-gor-retro-rocznika-stara-mapa-swiata-z-zabytkowym-statku-podrozy_53562-4815.jpg\",\"contentUrl\":\"https:\\\/\\\/odraniemen.org\\\/blog-podrozniczy\\\/wp-content\\\/uploads\\\/sites\\\/12\\\/2020\\\/01\\\/vintage-mapa-swiata-fizycznego-z-ilustracji-wektorowych-rzek-i-gor-retro-rocznika-stara-mapa-swiata-z-zabytkowym-statku-podrozy_53562-4815.jpg\",\"width\":626,\"height\":354},{\"@type\":\"BreadcrumbList\",\"@id\":\"https:\\\/\\\/odraniemen.org\\\/blog-podrozniczy\\\/?page_id=38#breadcrumb\",\"itemListElement\":[{\"@type\":\"ListItem\",\"position\":1,\"name\":\"Strona g\u0142\u00f3wna\",\"item\":\"https:\\\/\\\/odraniemen.org\\\/blog-podrozniczy\\\/\"},{\"@type\":\"ListItem\",\"position\":2,\"name\":\"Polacy rozsiani po \u015bwiecie\"}]},{\"@type\":\"WebSite\",\"@id\":\"https:\\\/\\\/odraniemen.org\\\/blog-podrozniczy\\\/#website\",\"url\":\"https:\\\/\\\/odraniemen.org\\\/blog-podrozniczy\\\/\",\"name\":\"Blog podr\u00f3\u017cniczy\",\"description\":\"Kolejna witryna sieci \u201eOdra-Niemen Witryny\u201d\",\"potentialAction\":[{\"@type\":\"SearchAction\",\"target\":{\"@type\":\"EntryPoint\",\"urlTemplate\":\"https:\\\/\\\/odraniemen.org\\\/blog-podrozniczy\\\/?s={search_term_string}\"},\"query-input\":{\"@type\":\"PropertyValueSpecification\",\"valueRequired\":true,\"valueName\":\"search_term_string\"}}],\"inLanguage\":\"pl-PL\"}]}<\/script>\n<!-- \/ Yoast SEO plugin. -->","yoast_head_json":{"title":"Polacy rozsiani po \u015bwiecie - Blog podr\u00f3\u017cniczy","robots":{"index":"index","follow":"follow","max-snippet":"max-snippet:-1","max-image-preview":"max-image-preview:large","max-video-preview":"max-video-preview:-1"},"canonical":"https:\/\/odraniemen.org\/blog-podrozniczy\/?page_id=38","og_locale":"pl_PL","og_type":"article","og_title":"Polacy rozsiani po \u015bwiecie - Blog podr\u00f3\u017cniczy","og_description":"Polacy rozsiani po \u015bwiecie W ka\u017cdym miejscu, do kt\u00f3rego trafiamy, szukamy polskich \u015blad\u00f3w. Niekt\u00f3re podr\u00f3\u017ce, jak do Anglii na zaproszenie wsp\u00f3\u0142czesnej emigracji, w oczywisty spos\u00f3b prowadz\u0105 nas do kombatant\u00f3w i Sybirak\u00f3w, kt\u00f3rzy trafili tam po wojnie. Ale zdarzaj\u0105 si\u0119 nieoczywiste kierunki, gdzie odpoczywaj\u0105c na urlopach niestrudzenie szukamy \u015blad\u00f3w Polak\u00f3w. Londyn 8 lutego 2020 Wielka BrytaniaB\u0119d\u0105c [&hellip;]","og_url":"https:\/\/odraniemen.org\/blog-podrozniczy\/?page_id=38","og_site_name":"Blog podr\u00f3\u017cniczy","article_modified_time":"2021-12-13T10:04:31+00:00","og_image":[{"url":"https:\/\/odraniemen.org\/blog-podrozniczy\/wp-content\/uploads\/sites\/12\/2020\/01\/vintage-mapa-swiata-fizycznego-z-ilustracji-wektorowych-rzek-i-gor-retro-rocznika-stara-mapa-swiata-z-zabytkowym-statku-podrozy_53562-4815.jpg","type":"","width":"","height":""}],"twitter_card":"summary_large_image","twitter_misc":{"Szacowany czas czytania":"1 minuta"},"schema":{"@context":"https:\/\/schema.org","@graph":[{"@type":"WebPage","@id":"https:\/\/odraniemen.org\/blog-podrozniczy\/?page_id=38","url":"https:\/\/odraniemen.org\/blog-podrozniczy\/?page_id=38","name":"Polacy rozsiani po \u015bwiecie - Blog podr\u00f3\u017cniczy","isPartOf":{"@id":"https:\/\/odraniemen.org\/blog-podrozniczy\/#website"},"primaryImageOfPage":{"@id":"https:\/\/odraniemen.org\/blog-podrozniczy\/?page_id=38#primaryimage"},"image":{"@id":"https:\/\/odraniemen.org\/blog-podrozniczy\/?page_id=38#primaryimage"},"thumbnailUrl":"https:\/\/odraniemen.org\/blog-podrozniczy\/wp-content\/uploads\/sites\/12\/2020\/01\/vintage-mapa-swiata-fizycznego-z-ilustracji-wektorowych-rzek-i-gor-retro-rocznika-stara-mapa-swiata-z-zabytkowym-statku-podrozy_53562-4815.jpg","datePublished":"2020-01-27T13:08:07+00:00","dateModified":"2021-12-13T10:04:31+00:00","breadcrumb":{"@id":"https:\/\/odraniemen.org\/blog-podrozniczy\/?page_id=38#breadcrumb"},"inLanguage":"pl-PL","potentialAction":[{"@type":"ReadAction","target":["https:\/\/odraniemen.org\/blog-podrozniczy\/?page_id=38"]}]},{"@type":"ImageObject","inLanguage":"pl-PL","@id":"https:\/\/odraniemen.org\/blog-podrozniczy\/?page_id=38#primaryimage","url":"https:\/\/odraniemen.org\/blog-podrozniczy\/wp-content\/uploads\/sites\/12\/2020\/01\/vintage-mapa-swiata-fizycznego-z-ilustracji-wektorowych-rzek-i-gor-retro-rocznika-stara-mapa-swiata-z-zabytkowym-statku-podrozy_53562-4815.jpg","contentUrl":"https:\/\/odraniemen.org\/blog-podrozniczy\/wp-content\/uploads\/sites\/12\/2020\/01\/vintage-mapa-swiata-fizycznego-z-ilustracji-wektorowych-rzek-i-gor-retro-rocznika-stara-mapa-swiata-z-zabytkowym-statku-podrozy_53562-4815.jpg","width":626,"height":354},{"@type":"BreadcrumbList","@id":"https:\/\/odraniemen.org\/blog-podrozniczy\/?page_id=38#breadcrumb","itemListElement":[{"@type":"ListItem","position":1,"name":"Strona g\u0142\u00f3wna","item":"https:\/\/odraniemen.org\/blog-podrozniczy\/"},{"@type":"ListItem","position":2,"name":"Polacy rozsiani po \u015bwiecie"}]},{"@type":"WebSite","@id":"https:\/\/odraniemen.org\/blog-podrozniczy\/#website","url":"https:\/\/odraniemen.org\/blog-podrozniczy\/","name":"Blog podr\u00f3\u017cniczy","description":"Kolejna witryna sieci \u201eOdra-Niemen Witryny\u201d","potentialAction":[{"@type":"SearchAction","target":{"@type":"EntryPoint","urlTemplate":"https:\/\/odraniemen.org\/blog-podrozniczy\/?s={search_term_string}"},"query-input":{"@type":"PropertyValueSpecification","valueRequired":true,"valueName":"search_term_string"}}],"inLanguage":"pl-PL"}]}},"_links":{"self":[{"href":"https:\/\/odraniemen.org\/blog-podrozniczy\/index.php?rest_route=\/wp\/v2\/pages\/38","targetHints":{"allow":["GET"]}}],"collection":[{"href":"https:\/\/odraniemen.org\/blog-podrozniczy\/index.php?rest_route=\/wp\/v2\/pages"}],"about":[{"href":"https:\/\/odraniemen.org\/blog-podrozniczy\/index.php?rest_route=\/wp\/v2\/types\/page"}],"author":[{"embeddable":true,"href":"https:\/\/odraniemen.org\/blog-podrozniczy\/index.php?rest_route=\/wp\/v2\/users\/166"}],"replies":[{"embeddable":true,"href":"https:\/\/odraniemen.org\/blog-podrozniczy\/index.php?rest_route=%2Fwp%2Fv2%2Fcomments&post=38"}],"version-history":[{"count":11,"href":"https:\/\/odraniemen.org\/blog-podrozniczy\/index.php?rest_route=\/wp\/v2\/pages\/38\/revisions"}],"predecessor-version":[{"id":1920,"href":"https:\/\/odraniemen.org\/blog-podrozniczy\/index.php?rest_route=\/wp\/v2\/pages\/38\/revisions\/1920"}],"wp:attachment":[{"href":"https:\/\/odraniemen.org\/blog-podrozniczy\/index.php?rest_route=%2Fwp%2Fv2%2Fmedia&parent=38"}],"curies":[{"name":"wp","href":"https:\/\/api.w.org\/{rel}","templated":true}]}}