
{"id":4407,"date":"2022-04-02T18:49:38","date_gmt":"2022-04-02T16:49:38","guid":{"rendered":"https:\/\/odraniemen.org\/sklep\/?post_type=product&#038;p=4407"},"modified":"2022-10-21T15:37:06","modified_gmt":"2022-10-21T13:37:06","slug":"mala-paczka-pamieci","status":"publish","type":"product","link":"https:\/\/odraniemen.org\/sklep\/produkt\/mala-paczka-pamieci\/","title":{"rendered":"Ma\u0142a Paczka Pami\u0119ci"},"content":{"rendered":"<p>&nbsp;<\/p>\n<p style=\"line-height: 150%;\"><strong>Paczka pami\u0119ci to karta podarunkowa przeznaczona na konkretny cel.\u00a0<\/strong><\/p>\n<p>Ma\u0142a paczka pami\u0119ci zawiera podstawowy zestaw artyku\u0142\u00f3w z d\u0142ugim terminem wa\u017cno\u015bci min.: olej, cukier, ry\u017c, makaron, konserwa, d\u017cem, owoce w puszce oraz w ka\u017cdej paczce znajduje si\u0119 co\u015b s\u0142odkiego :).<\/p>\n<p>Podarowuj\u0105c donacj\u0119 na paczk\u0119 pami\u0119ci ofiarowujesz r\u00f3wnowarto\u015b\u0107 za produkty, kt\u00f3re znajduj\u0105 si\u0119 w ma\u0142ej paczce. Za dotacj\u0119 zostan\u0105 zakupione niezb\u0119dne artyku\u0142y, a nasi wolontariusze zadbaj\u0105 o przygotowanie paczki. Dodatkowo do ka\u017cdego zestawu trafi jeszcze kartka \u015bwi\u0105teczna, kt\u00f3ra zostanie przygotowana przez dziecko z jednej z zaprzyja\u017anionych szk\u00f3\u0142. Po zebranej odpowiedniej ilo\u015bci dar\u00f3w paczki pakowane s\u0105 na busa i jad\u0105 na Kresy, gdzie osobi\u015bcie zostan\u0105 wr\u0119czone Polskim Kombatantom i ich rodzinom<span style=\"font-size: 16px;\">. Nasze cele wyjazd\u00f3w to rejony Ukrainy, Litwy, Bia\u0142orusi, Mo\u0142dawii oraz innych zak\u0105tk\u00f3w \u015bwiata gdzie wci\u0105\u017c zamieszkuj\u0105 Polscy Kombatanci. Paczki Pami\u0119ci to jeden z flagowych projekt\u00f3w stowarzyszenia Odra &#8211; Niemen pod nazw\u0105 &#8220;Rodacy Bohaterom&#8221;, kt\u00f3rego pierwsza edycja mia\u0142a miejsce w 2010 roku, a dzi\u0119ki spotkaniu z p\u0142k. Weronik\u0105 Sebastianowicz nasz pierwszy wyjazd z darami odby\u0142 si\u0119 na Bia\u0142oru\u015b, gdzie mieli\u015bmy przyjemno\u015b\u0107 osobi\u015bcie odwiedzi\u0107 i przekaza\u0107 paczki pami\u0119ci polskim kombatantom z Stowarzyszenia \u017bo\u0142nierzy AK na Bia\u0142orusi.<\/span><\/p>\n<p>Od tamtej pory zebrali\u015bmy blisko 33000 paczek pami\u0119ci w kt\u00f3rych znalaz\u0142o si\u0119 oko\u0142o 410000 kg dar\u00f3w a 1120 kombatant\u00f3w zosta\u0142o obj\u0119tych opiek\u0105. Przy\u0142\u0105cz si\u0119 i\u00a0 podaruj swoje wsparcie naszym bohaterom zamieszkuj\u0105cym Kresy Wschodnie.<\/p>\n","protected":false},"excerpt":{"rendered":"<p>&nbsp;<\/p>\n<p style=\"line-height: 150%;\"><strong>Paczka pami\u0119ci. Za donacj\u0119 zostan\u0105 zakupione niezb\u0119dne artyku\u0142y, a nasi wolontariusze zadbaj\u0105 o przygotowanie paczki. Dodatkowo do ka\u017cdego zestawu trafi jeszcze kartka \u015bwi\u0105teczna. Po zebranej odpowiedniej ilo\u015bci dar\u00f3w paczki pakowane s\u0105 na busa i jad\u0105 na Kresy, gdzie osobi\u015bcie zostan\u0105 wr\u0119czone Polskim Kombatantom, ich rodzinom i Polakom zamieszkuj\u0105cym <span style=\"font-size: 16px;\">Kresy Wschodnie.<\/span><\/strong><\/p>\n<p>Je\u015bli chcesz zwi\u0119kszy\u0107 kwot\u0119 donacji w okienku przy przycisku \u201cdodaj do koszyka\u201d ustaw odpowiedni\u0105 ilo\u015b\u0107.<br \/>\n&nbsp;<\/p>\n","protected":false},"featured_media":5030,"comment_status":"open","ping_status":"closed","template":"","meta":{"site-sidebar-layout":"default","site-content-layout":"default","ast-site-content-layout":"","site-content-style":"default","site-sidebar-style":"default","ast-global-header-display":"","ast-banner-title-visibility":"","ast-main-header-display":"","ast-hfb-above-header-display":"","ast-hfb-below-header-display":"","ast-hfb-mobile-header-display":"","site-post-title":"","ast-breadcrumbs-content":"","ast-featured-img":"","footer-sml-layout":"","theme-transparent-header-meta":"default","adv-header-id-meta":"","stick-header-meta":"","header-above-stick-meta":"","header-main-stick-meta":"","header-below-stick-meta":"","astra-migrate-meta-layouts":"","ast-page-background-enabled":"default","ast-page-background-meta":{"desktop":{"background-color":"","background-image":"","background-repeat":"repeat","background-position":"center center","background-size":"auto","background-attachment":"scroll","background-type":"","background-media":"","overlay-type":"","overlay-color":"","overlay-gradient":""},"tablet":{"background-color":"","background-image":"","background-repeat":"repeat","background-position":"center center","background-size":"auto","background-attachment":"scroll","background-type":"","background-media":"","overlay-type":"","overlay-color":"","overlay-gradient":""},"mobile":{"background-color":"","background-image":"","background-repeat":"repeat","background-position":"center center","background-size":"auto","background-attachment":"scroll","background-type":"","background-media":"","overlay-type":"","overlay-color":"","overlay-gradient":""}},"ast-content-background-meta":{"desktop":{"background-color":"var(--ast-global-color-5)","background-image":"","background-repeat":"repeat","background-position":"center center","background-size":"auto","background-attachment":"scroll","background-type":"","background-media":"","overlay-type":"","overlay-color":"","overlay-gradient":""},"tablet":{"background-color":"var(--ast-global-color-5)","background-image":"","background-repeat":"repeat","background-position":"center center","background-size":"auto","background-attachment":"scroll","background-type":"","background-media":"","overlay-type":"","overlay-color":"","overlay-gradient":""},"mobile":{"background-color":"var(--ast-global-color-5)","background-image":"","background-repeat":"repeat","background-position":"center center","background-size":"auto","background-attachment":"scroll","background-type":"","background-media":"","overlay-type":"","overlay-color":"","overlay-gradient":""}}},"product_cat":[82,53],"product_tag":[],"yoast_head":"<!-- This site is optimized with the Yoast SEO plugin v21.6 - https:\/\/yoast.com\/wordpress\/plugins\/seo\/ -->\n<title>&quot;Podziel si\u0119&quot; Paczka pami\u0119ci dla kombatanta. ODRA-NIEMEN<\/title>\n<meta name=\"description\" content=\"&quot;Podziel si\u0119&quot; Paczka pami\u0119ci dla kombatanta. To karta podarunkowa przeznaczone na konkretny cel. Sam zdecyduj na co przeznaczysz dotacj\u0119.\" \/>\n<meta name=\"robots\" content=\"index, follow, max-snippet:-1, max-image-preview:large, max-video-preview:-1\" \/>\n<link rel=\"canonical\" href=\"https:\/\/odraniemen.org\/sklep\/produkt\/mala-paczka-pamieci\/\" \/>\n<meta property=\"og:locale\" content=\"pl_PL\" \/>\n<meta property=\"og:type\" content=\"article\" \/>\n<meta property=\"og:title\" content=\"&quot;Podziel si\u0119&quot; Paczka pami\u0119ci dla kombatanta. ODRA-NIEMEN\" \/>\n<meta property=\"og:description\" content=\"&quot;Podziel si\u0119&quot; Paczka pami\u0119ci dla kombatanta. To karta podarunkowa przeznaczone na konkretny cel. Sam zdecyduj na co przeznaczysz dotacj\u0119.\" \/>\n<meta property=\"og:url\" content=\"https:\/\/odraniemen.org\/sklep\/produkt\/mala-paczka-pamieci\/\" \/>\n<meta property=\"og:site_name\" content=\"Odra Niemen Sklep Charytatywny\" \/>\n<meta property=\"article:modified_time\" content=\"2022-10-21T13:37:06+00:00\" \/>\n<meta property=\"og:image\" content=\"https:\/\/odraniemen.org\/sklep\/wp-content\/uploads\/sites\/8\/2022\/04\/PACZKA-PAMIECI-SKLEP.jpg\" \/>\n\t<meta property=\"og:image:width\" content=\"750\" \/>\n\t<meta property=\"og:image:height\" content=\"1000\" \/>\n\t<meta property=\"og:image:type\" content=\"image\/jpeg\" \/>\n<meta name=\"twitter:card\" content=\"summary_large_image\" \/>\n<meta name=\"twitter:label1\" content=\"Szacowany czas czytania\" \/>\n\t<meta name=\"twitter:data1\" content=\"2 minuty\" \/>\n<script type=\"application\/ld+json\" class=\"yoast-schema-graph\">{\"@context\":\"https:\/\/schema.org\",\"@graph\":[{\"@type\":\"WebPage\",\"@id\":\"https:\/\/odraniemen.org\/sklep\/produkt\/mala-paczka-pamieci\/\",\"url\":\"https:\/\/odraniemen.org\/sklep\/produkt\/mala-paczka-pamieci\/\",\"name\":\"\\\"Podziel si\u0119\\\" Paczka pami\u0119ci dla kombatanta. ODRA-NIEMEN\",\"isPartOf\":{\"@id\":\"https:\/\/odraniemen.org\/sklep\/#website\"},\"datePublished\":\"2022-04-02T16:49:38+00:00\",\"dateModified\":\"2022-10-21T13:37:06+00:00\",\"description\":\"\\\"Podziel si\u0119\\\" Paczka pami\u0119ci dla kombatanta. To karta podarunkowa przeznaczone na konkretny cel. Sam zdecyduj na co przeznaczysz dotacj\u0119.\",\"breadcrumb\":{\"@id\":\"https:\/\/odraniemen.org\/sklep\/produkt\/mala-paczka-pamieci\/#breadcrumb\"},\"inLanguage\":\"pl-PL\",\"potentialAction\":[{\"@type\":\"ReadAction\",\"target\":[\"https:\/\/odraniemen.org\/sklep\/produkt\/mala-paczka-pamieci\/\"]}]},{\"@type\":\"BreadcrumbList\",\"@id\":\"https:\/\/odraniemen.org\/sklep\/produkt\/mala-paczka-pamieci\/#breadcrumb\",\"itemListElement\":[{\"@type\":\"ListItem\",\"position\":1,\"name\":\"Strona g\u0142\u00f3wna\",\"item\":\"https:\/\/odraniemen.org\/sklep\/\"},{\"@type\":\"ListItem\",\"position\":2,\"name\":\"Sklep\",\"item\":\"https:\/\/odraniemen.org\/sklep\/sklep\/\"},{\"@type\":\"ListItem\",\"position\":3,\"name\":\"Ma\u0142a Paczka Pami\u0119ci\"}]},{\"@type\":\"WebSite\",\"@id\":\"https:\/\/odraniemen.org\/sklep\/#website\",\"url\":\"https:\/\/odraniemen.org\/sklep\/\",\"name\":\"Odra Niemen Sklep Charytatywny\",\"description\":\"Sklep charytatywny Stowarzyszenia Odra-Niemen\",\"publisher\":{\"@id\":\"https:\/\/odraniemen.org\/sklep\/#organization\"},\"potentialAction\":[{\"@type\":\"SearchAction\",\"target\":{\"@type\":\"EntryPoint\",\"urlTemplate\":\"https:\/\/odraniemen.org\/sklep\/?s={search_term_string}\"},\"query-input\":\"required name=search_term_string\"}],\"inLanguage\":\"pl-PL\"},{\"@type\":\"Organization\",\"@id\":\"https:\/\/odraniemen.org\/sklep\/#organization\",\"name\":\"Odra Niemen Sklep Charytatywny\",\"url\":\"https:\/\/odraniemen.org\/sklep\/\",\"logo\":{\"@type\":\"ImageObject\",\"inLanguage\":\"pl-PL\",\"@id\":\"https:\/\/odraniemen.org\/sklep\/#\/schema\/logo\/image\/\",\"url\":\"https:\/\/odraniemen.org\/sklep\/wp-content\/uploads\/sites\/8\/2022\/05\/cropped-logo-menu1.png\",\"contentUrl\":\"https:\/\/odraniemen.org\/sklep\/wp-content\/uploads\/sites\/8\/2022\/05\/cropped-logo-menu1.png\",\"width\":324,\"height\":250,\"caption\":\"Odra Niemen Sklep Charytatywny\"},\"image\":{\"@id\":\"https:\/\/odraniemen.org\/sklep\/#\/schema\/logo\/image\/\"}}]}<\/script>\n<!-- \/ Yoast SEO plugin. -->","yoast_head_json":{"title":"\"Podziel si\u0119\" Paczka pami\u0119ci dla kombatanta. ODRA-NIEMEN","description":"\"Podziel si\u0119\" Paczka pami\u0119ci dla kombatanta. To karta podarunkowa przeznaczone na konkretny cel. Sam zdecyduj na co przeznaczysz dotacj\u0119.","robots":{"index":"index","follow":"follow","max-snippet":"max-snippet:-1","max-image-preview":"max-image-preview:large","max-video-preview":"max-video-preview:-1"},"canonical":"https:\/\/odraniemen.org\/sklep\/produkt\/mala-paczka-pamieci\/","og_locale":"pl_PL","og_type":"article","og_title":"\"Podziel si\u0119\" Paczka pami\u0119ci dla kombatanta. ODRA-NIEMEN","og_description":"\"Podziel si\u0119\" Paczka pami\u0119ci dla kombatanta. To karta podarunkowa przeznaczone na konkretny cel. Sam zdecyduj na co przeznaczysz dotacj\u0119.","og_url":"https:\/\/odraniemen.org\/sklep\/produkt\/mala-paczka-pamieci\/","og_site_name":"Odra Niemen Sklep Charytatywny","article_modified_time":"2022-10-21T13:37:06+00:00","og_image":[{"width":750,"height":1000,"url":"https:\/\/odraniemen.org\/sklep\/wp-content\/uploads\/sites\/8\/2022\/04\/PACZKA-PAMIECI-SKLEP.jpg","type":"image\/jpeg"}],"twitter_card":"summary_large_image","twitter_misc":{"Szacowany czas czytania":"2 minuty"},"schema":{"@context":"https:\/\/schema.org","@graph":[{"@type":"WebPage","@id":"https:\/\/odraniemen.org\/sklep\/produkt\/mala-paczka-pamieci\/","url":"https:\/\/odraniemen.org\/sklep\/produkt\/mala-paczka-pamieci\/","name":"\"Podziel si\u0119\" Paczka pami\u0119ci dla kombatanta. ODRA-NIEMEN","isPartOf":{"@id":"https:\/\/odraniemen.org\/sklep\/#website"},"datePublished":"2022-04-02T16:49:38+00:00","dateModified":"2022-10-21T13:37:06+00:00","description":"\"Podziel si\u0119\" Paczka pami\u0119ci dla kombatanta. To karta podarunkowa przeznaczone na konkretny cel. Sam zdecyduj na co przeznaczysz dotacj\u0119.","breadcrumb":{"@id":"https:\/\/odraniemen.org\/sklep\/produkt\/mala-paczka-pamieci\/#breadcrumb"},"inLanguage":"pl-PL","potentialAction":[{"@type":"ReadAction","target":["https:\/\/odraniemen.org\/sklep\/produkt\/mala-paczka-pamieci\/"]}]},{"@type":"BreadcrumbList","@id":"https:\/\/odraniemen.org\/sklep\/produkt\/mala-paczka-pamieci\/#breadcrumb","itemListElement":[{"@type":"ListItem","position":1,"name":"Strona g\u0142\u00f3wna","item":"https:\/\/odraniemen.org\/sklep\/"},{"@type":"ListItem","position":2,"name":"Sklep","item":"https:\/\/odraniemen.org\/sklep\/sklep\/"},{"@type":"ListItem","position":3,"name":"Ma\u0142a Paczka Pami\u0119ci"}]},{"@type":"WebSite","@id":"https:\/\/odraniemen.org\/sklep\/#website","url":"https:\/\/odraniemen.org\/sklep\/","name":"Odra Niemen Sklep Charytatywny","description":"Sklep charytatywny Stowarzyszenia Odra-Niemen","publisher":{"@id":"https:\/\/odraniemen.org\/sklep\/#organization"},"potentialAction":[{"@type":"SearchAction","target":{"@type":"EntryPoint","urlTemplate":"https:\/\/odraniemen.org\/sklep\/?s={search_term_string}"},"query-input":"required name=search_term_string"}],"inLanguage":"pl-PL"},{"@type":"Organization","@id":"https:\/\/odraniemen.org\/sklep\/#organization","name":"Odra Niemen Sklep Charytatywny","url":"https:\/\/odraniemen.org\/sklep\/","logo":{"@type":"ImageObject","inLanguage":"pl-PL","@id":"https:\/\/odraniemen.org\/sklep\/#\/schema\/logo\/image\/","url":"https:\/\/odraniemen.org\/sklep\/wp-content\/uploads\/sites\/8\/2022\/05\/cropped-logo-menu1.png","contentUrl":"https:\/\/odraniemen.org\/sklep\/wp-content\/uploads\/sites\/8\/2022\/05\/cropped-logo-menu1.png","width":324,"height":250,"caption":"Odra Niemen Sklep Charytatywny"},"image":{"@id":"https:\/\/odraniemen.org\/sklep\/#\/schema\/logo\/image\/"}}]}},"_links":{"self":[{"href":"https:\/\/odraniemen.org\/sklep\/wp-json\/wp\/v2\/product\/4407"}],"collection":[{"href":"https:\/\/odraniemen.org\/sklep\/wp-json\/wp\/v2\/product"}],"about":[{"href":"https:\/\/odraniemen.org\/sklep\/wp-json\/wp\/v2\/types\/product"}],"replies":[{"embeddable":true,"href":"https:\/\/odraniemen.org\/sklep\/wp-json\/wp\/v2\/comments?post=4407"}],"wp:featuredmedia":[{"embeddable":true,"href":"https:\/\/odraniemen.org\/sklep\/wp-json\/wp\/v2\/media\/5030"}],"wp:attachment":[{"href":"https:\/\/odraniemen.org\/sklep\/wp-json\/wp\/v2\/media?parent=4407"}],"wp:term":[{"taxonomy":"product_cat","embeddable":true,"href":"https:\/\/odraniemen.org\/sklep\/wp-json\/wp\/v2\/product_cat?post=4407"},{"taxonomy":"product_tag","embeddable":true,"href":"https:\/\/odraniemen.org\/sklep\/wp-json\/wp\/v2\/product_tag?post=4407"}],"curies":[{"name":"wp","href":"https:\/\/api.w.org\/{rel}","templated":true}]}}