
{"id":4457,"date":"2023-01-20T15:21:16","date_gmt":"2023-01-20T14:21:16","guid":{"rendered":"https:\/\/odraniemen.org\/sklep\/?post_type=product&#038;p=4457"},"modified":"2023-05-08T15:32:59","modified_gmt":"2023-05-08T13:32:59","slug":"pomoc-polakom-na-bialorusi","status":"publish","type":"product","link":"https:\/\/odraniemen.org\/sklep\/produkt\/pomoc-polakom-na-bialorusi\/","title":{"rendered":"Pomoc Polakom na Bia\u0142orusi"},"content":{"rendered":"<div class=\"cxmmr5t8 oygrvhab hcukyx3x c1et5uql o9v6fnle ii04i59q\" data-uw-styling-context=\"true\">\n<div dir=\"auto\" data-uw-styling-context=\"true\">\n<p><span style=\"font-size: 16px;\">Od 13 lat wsp\u00f3\u0142pracujemy z Polakami na Bia\u0142orusi, znamy to \u015brodowisko doskonale. W ostatnim czasie otrzymujemy wiele dramatycznych telefon\u00f3w od Polak\u00f3w, kt\u00f3rzy s\u0105 represjonowani przez re\u017cim bia\u0142oruski. Niestety nie mamy mo\u017cliwo\u015bci wyjazdu na Bia\u0142oru\u015b, by wspiera\u0107 bezpo\u015brednio naszych rodak\u00f3w. W zwi\u0105zku z tym organizujemy zbi\u00f3rki \u015brodk\u00f3w na pomoc finansow\u0105 w formie stypendi\u00f3w dla rodzin wielodzietnych i os\u00f3b samotnych w trudnej sytuacji. Zbieramy na artyku\u0142y spo\u017cywcze, higieniczne oraz chemie gospodarcz\u0105 oraz pomoc prawn\u0105. B\u0105d\u017amy solidarni z Polakami na Bia\u0142orusi i oka\u017cmy im nasze wsparcie. Wiele razy otwierali przed nami swoje serca, go\u015bcili nas w swoich domach, piel\u0119gnowali Polsk\u0105 kultur\u0119 i kultywowali tradycje, co w tej chwili jest pi\u0119tnowane przez Bia\u0142oruskie w\u0142adze.<\/span><\/p>\n<div class=\"default-style\">\n<div><\/div>\n<div>Apelujemy te\u017c, aby godnie traktowa\u0107 wszystkich Polak\u00f3w oraz Bia\u0142orusin\u00f3w, kt\u00f3rzy z powodu re\u017cimowych represji uciekli do Polski.<\/div>\n<div><\/div>\n<div>Polacy posiadaj\u0105 paszporty bia\u0142oruskie, nie wszyscy maj\u0105 polskie dokumenty, poruszaj\u0105 si\u0119 autami na bia\u0142oruskich rejestracjach. Nasi rodacy s\u0105 przez to traktowani wrogo, z uwagi na wojn\u0119 tocz\u0105c\u0105 si\u0119 na Ukrainie. Wi\u0105\u017ce si\u0119 to z tym, \u017ce wielu z nich nie mo\u017ce znale\u017a\u0107 mieszkania, czy innej pomocy, w\u0142a\u015bnie z racji przyjazdu z Bia\u0142orusi. Niestety, znamy te\u017c przypadki bezpo\u015bredniej agresji.<\/div>\n<div><\/div>\n<div>Bardzo prosimy o przekazanie w swoich \u015brodowiskach, \u017ce Polacy z Bia\u0142orusi \u2013 ale tak\u017ce wielu Bia\u0142orusin\u00f3w \u2013 przebywaj\u0105 w Polsce, bo byli represjonowani za swoj\u0105 polsk\u0105 dzia\u0142alno\u015b\u0107 czy udzia\u0142 w manifestacjach politycznych przeciw re\u017cimowi. Dzi\u015b z powodu trwaj\u0105cej wojny na Ukrainie i wsparcia przez Bia\u0142oru\u015b rosyjskiej agresji, s\u0105 oni niesprawiedliwie w\u0142\u0105czani w ten konflikt i odrzucani przez niekt\u00f3rych Polak\u00f3w.<\/div>\n<div><\/div>\n<\/div>\n<\/div>\n<\/div>\n<div class=\"cxmmr5t8 oygrvhab hcukyx3x c1et5uql o9v6fnle ii04i59q\" data-uw-styling-context=\"true\">\n<div dir=\"auto\" data-uw-styling-context=\"true\"><\/div>\n<\/div>\n","protected":false},"excerpt":{"rendered":"<p>B\u0105d\u017amy solidarni z Polakami na Bia\u0142orusi i oka\u017cmy im nasze wsparcie. Tyle razy oni otwierali przed nami swoje serca, go\u015bcili nas w swoich domach,\u00a0 piel\u0119gnowali Polsk\u0105 kultur\u0119 i kultywowali tradycje co w tej chwili jest pi\u0119tnowane przez Bia\u0142oruskie w\u0142adze.<\/p>\n<p>Ze wzgl\u0119d\u00f3w bezpiecze\u0144stwa nie publikujemy zdj\u0119\u0107 z wizerunkami os\u00f3b obdarowywanych.<\/p>\n","protected":false},"featured_media":5792,"comment_status":"open","ping_status":"closed","template":"","meta":{"site-sidebar-layout":"default","site-content-layout":"default","ast-site-content-layout":"","site-content-style":"default","site-sidebar-style":"default","ast-global-header-display":"","ast-banner-title-visibility":"","ast-main-header-display":"","ast-hfb-above-header-display":"","ast-hfb-below-header-display":"","ast-hfb-mobile-header-display":"","site-post-title":"","ast-breadcrumbs-content":"","ast-featured-img":"","footer-sml-layout":"","theme-transparent-header-meta":"default","adv-header-id-meta":"","stick-header-meta":"","header-above-stick-meta":"","header-main-stick-meta":"","header-below-stick-meta":"","astra-migrate-meta-layouts":"","ast-page-background-enabled":"default","ast-page-background-meta":{"desktop":{"background-color":"","background-image":"","background-repeat":"repeat","background-position":"center center","background-size":"auto","background-attachment":"scroll","background-type":"","background-media":"","overlay-type":"","overlay-color":"","overlay-gradient":""},"tablet":{"background-color":"","background-image":"","background-repeat":"repeat","background-position":"center center","background-size":"auto","background-attachment":"scroll","background-type":"","background-media":"","overlay-type":"","overlay-color":"","overlay-gradient":""},"mobile":{"background-color":"","background-image":"","background-repeat":"repeat","background-position":"center center","background-size":"auto","background-attachment":"scroll","background-type":"","background-media":"","overlay-type":"","overlay-color":"","overlay-gradient":""}},"ast-content-background-meta":{"desktop":{"background-color":"var(--ast-global-color-5)","background-image":"","background-repeat":"repeat","background-position":"center center","background-size":"auto","background-attachment":"scroll","background-type":"","background-media":"","overlay-type":"","overlay-color":"","overlay-gradient":""},"tablet":{"background-color":"var(--ast-global-color-5)","background-image":"","background-repeat":"repeat","background-position":"center center","background-size":"auto","background-attachment":"scroll","background-type":"","background-media":"","overlay-type":"","overlay-color":"","overlay-gradient":""},"mobile":{"background-color":"var(--ast-global-color-5)","background-image":"","background-repeat":"repeat","background-position":"center center","background-size":"auto","background-attachment":"scroll","background-type":"","background-media":"","overlay-type":"","overlay-color":"","overlay-gradient":""}}},"product_cat":[82,53],"product_tag":[],"yoast_head":"<!-- This site is optimized with the Yoast SEO plugin v21.6 - https:\/\/yoast.com\/wordpress\/plugins\/seo\/ -->\n<title>Pomoc Polakom na Bia\u0142orusi - Odra Niemen Sklep Charytatywny<\/title>\n<meta name=\"description\" content=\"B\u0105d\u017amy solidarni z Polakami na Bia\u0142orusi i oka\u017cmy im nasze wsparcie. Tyle razy oni otwierali przed nami swoje serca, go\u015bcili nas w swoich domach.\" \/>\n<meta name=\"robots\" content=\"index, follow, max-snippet:-1, max-image-preview:large, max-video-preview:-1\" \/>\n<link rel=\"canonical\" href=\"https:\/\/odraniemen.org\/sklep\/produkt\/pomoc-polakom-na-bialorusi\/\" \/>\n<meta property=\"og:locale\" content=\"pl_PL\" \/>\n<meta property=\"og:type\" content=\"article\" \/>\n<meta property=\"og:title\" content=\"Pomoc Polakom na Bia\u0142orusi - Odra Niemen Sklep Charytatywny\" \/>\n<meta property=\"og:description\" content=\"B\u0105d\u017amy solidarni z Polakami na Bia\u0142orusi i oka\u017cmy im nasze wsparcie. Tyle razy oni otwierali przed nami swoje serca, go\u015bcili nas w swoich domach.\" \/>\n<meta property=\"og:url\" content=\"https:\/\/odraniemen.org\/sklep\/produkt\/pomoc-polakom-na-bialorusi\/\" \/>\n<meta property=\"og:site_name\" content=\"Odra Niemen Sklep Charytatywny\" \/>\n<meta property=\"article:modified_time\" content=\"2023-05-08T13:32:59+00:00\" \/>\n<meta property=\"og:image\" content=\"https:\/\/odraniemen.org\/sklep\/wp-content\/uploads\/sites\/8\/2023\/01\/SZABLON-NOWY-PRODUKTY-KOMPLET3.jpg\" \/>\n\t<meta property=\"og:image:width\" content=\"750\" \/>\n\t<meta property=\"og:image:height\" content=\"1000\" \/>\n\t<meta property=\"og:image:type\" content=\"image\/jpeg\" \/>\n<meta name=\"twitter:card\" content=\"summary_large_image\" \/>\n<meta name=\"twitter:label1\" content=\"Szacowany czas czytania\" \/>\n\t<meta name=\"twitter:data1\" content=\"2 minuty\" \/>\n<script type=\"application\/ld+json\" class=\"yoast-schema-graph\">{\"@context\":\"https:\/\/schema.org\",\"@graph\":[{\"@type\":\"WebPage\",\"@id\":\"https:\/\/odraniemen.org\/sklep\/produkt\/pomoc-polakom-na-bialorusi\/\",\"url\":\"https:\/\/odraniemen.org\/sklep\/produkt\/pomoc-polakom-na-bialorusi\/\",\"name\":\"Pomoc Polakom na Bia\u0142orusi - Odra Niemen Sklep Charytatywny\",\"isPartOf\":{\"@id\":\"https:\/\/odraniemen.org\/sklep\/#website\"},\"datePublished\":\"2023-01-20T14:21:16+00:00\",\"dateModified\":\"2023-05-08T13:32:59+00:00\",\"description\":\"B\u0105d\u017amy solidarni z Polakami na Bia\u0142orusi i oka\u017cmy im nasze wsparcie. Tyle razy oni otwierali przed nami swoje serca, go\u015bcili nas w swoich domach.\",\"breadcrumb\":{\"@id\":\"https:\/\/odraniemen.org\/sklep\/produkt\/pomoc-polakom-na-bialorusi\/#breadcrumb\"},\"inLanguage\":\"pl-PL\",\"potentialAction\":[{\"@type\":\"ReadAction\",\"target\":[\"https:\/\/odraniemen.org\/sklep\/produkt\/pomoc-polakom-na-bialorusi\/\"]}]},{\"@type\":\"BreadcrumbList\",\"@id\":\"https:\/\/odraniemen.org\/sklep\/produkt\/pomoc-polakom-na-bialorusi\/#breadcrumb\",\"itemListElement\":[{\"@type\":\"ListItem\",\"position\":1,\"name\":\"Strona g\u0142\u00f3wna\",\"item\":\"https:\/\/odraniemen.org\/sklep\/\"},{\"@type\":\"ListItem\",\"position\":2,\"name\":\"Sklep\",\"item\":\"https:\/\/odraniemen.org\/sklep\/sklep\/\"},{\"@type\":\"ListItem\",\"position\":3,\"name\":\"Pomoc Polakom na Bia\u0142orusi\"}]},{\"@type\":\"WebSite\",\"@id\":\"https:\/\/odraniemen.org\/sklep\/#website\",\"url\":\"https:\/\/odraniemen.org\/sklep\/\",\"name\":\"Odra Niemen Sklep Charytatywny\",\"description\":\"Sklep charytatywny Stowarzyszenia Odra-Niemen\",\"publisher\":{\"@id\":\"https:\/\/odraniemen.org\/sklep\/#organization\"},\"potentialAction\":[{\"@type\":\"SearchAction\",\"target\":{\"@type\":\"EntryPoint\",\"urlTemplate\":\"https:\/\/odraniemen.org\/sklep\/?s={search_term_string}\"},\"query-input\":\"required name=search_term_string\"}],\"inLanguage\":\"pl-PL\"},{\"@type\":\"Organization\",\"@id\":\"https:\/\/odraniemen.org\/sklep\/#organization\",\"name\":\"Odra Niemen Sklep Charytatywny\",\"url\":\"https:\/\/odraniemen.org\/sklep\/\",\"logo\":{\"@type\":\"ImageObject\",\"inLanguage\":\"pl-PL\",\"@id\":\"https:\/\/odraniemen.org\/sklep\/#\/schema\/logo\/image\/\",\"url\":\"https:\/\/odraniemen.org\/sklep\/wp-content\/uploads\/sites\/8\/2022\/05\/cropped-logo-menu1.png\",\"contentUrl\":\"https:\/\/odraniemen.org\/sklep\/wp-content\/uploads\/sites\/8\/2022\/05\/cropped-logo-menu1.png\",\"width\":324,\"height\":250,\"caption\":\"Odra Niemen Sklep Charytatywny\"},\"image\":{\"@id\":\"https:\/\/odraniemen.org\/sklep\/#\/schema\/logo\/image\/\"}}]}<\/script>\n<!-- \/ Yoast SEO plugin. -->","yoast_head_json":{"title":"Pomoc Polakom na Bia\u0142orusi - Odra Niemen Sklep Charytatywny","description":"B\u0105d\u017amy solidarni z Polakami na Bia\u0142orusi i oka\u017cmy im nasze wsparcie. Tyle razy oni otwierali przed nami swoje serca, go\u015bcili nas w swoich domach.","robots":{"index":"index","follow":"follow","max-snippet":"max-snippet:-1","max-image-preview":"max-image-preview:large","max-video-preview":"max-video-preview:-1"},"canonical":"https:\/\/odraniemen.org\/sklep\/produkt\/pomoc-polakom-na-bialorusi\/","og_locale":"pl_PL","og_type":"article","og_title":"Pomoc Polakom na Bia\u0142orusi - Odra Niemen Sklep Charytatywny","og_description":"B\u0105d\u017amy solidarni z Polakami na Bia\u0142orusi i oka\u017cmy im nasze wsparcie. Tyle razy oni otwierali przed nami swoje serca, go\u015bcili nas w swoich domach.","og_url":"https:\/\/odraniemen.org\/sklep\/produkt\/pomoc-polakom-na-bialorusi\/","og_site_name":"Odra Niemen Sklep Charytatywny","article_modified_time":"2023-05-08T13:32:59+00:00","og_image":[{"width":750,"height":1000,"url":"https:\/\/odraniemen.org\/sklep\/wp-content\/uploads\/sites\/8\/2023\/01\/SZABLON-NOWY-PRODUKTY-KOMPLET3.jpg","type":"image\/jpeg"}],"twitter_card":"summary_large_image","twitter_misc":{"Szacowany czas czytania":"2 minuty"},"schema":{"@context":"https:\/\/schema.org","@graph":[{"@type":"WebPage","@id":"https:\/\/odraniemen.org\/sklep\/produkt\/pomoc-polakom-na-bialorusi\/","url":"https:\/\/odraniemen.org\/sklep\/produkt\/pomoc-polakom-na-bialorusi\/","name":"Pomoc Polakom na Bia\u0142orusi - Odra Niemen Sklep Charytatywny","isPartOf":{"@id":"https:\/\/odraniemen.org\/sklep\/#website"},"datePublished":"2023-01-20T14:21:16+00:00","dateModified":"2023-05-08T13:32:59+00:00","description":"B\u0105d\u017amy solidarni z Polakami na Bia\u0142orusi i oka\u017cmy im nasze wsparcie. Tyle razy oni otwierali przed nami swoje serca, go\u015bcili nas w swoich domach.","breadcrumb":{"@id":"https:\/\/odraniemen.org\/sklep\/produkt\/pomoc-polakom-na-bialorusi\/#breadcrumb"},"inLanguage":"pl-PL","potentialAction":[{"@type":"ReadAction","target":["https:\/\/odraniemen.org\/sklep\/produkt\/pomoc-polakom-na-bialorusi\/"]}]},{"@type":"BreadcrumbList","@id":"https:\/\/odraniemen.org\/sklep\/produkt\/pomoc-polakom-na-bialorusi\/#breadcrumb","itemListElement":[{"@type":"ListItem","position":1,"name":"Strona g\u0142\u00f3wna","item":"https:\/\/odraniemen.org\/sklep\/"},{"@type":"ListItem","position":2,"name":"Sklep","item":"https:\/\/odraniemen.org\/sklep\/sklep\/"},{"@type":"ListItem","position":3,"name":"Pomoc Polakom na Bia\u0142orusi"}]},{"@type":"WebSite","@id":"https:\/\/odraniemen.org\/sklep\/#website","url":"https:\/\/odraniemen.org\/sklep\/","name":"Odra Niemen Sklep Charytatywny","description":"Sklep charytatywny Stowarzyszenia Odra-Niemen","publisher":{"@id":"https:\/\/odraniemen.org\/sklep\/#organization"},"potentialAction":[{"@type":"SearchAction","target":{"@type":"EntryPoint","urlTemplate":"https:\/\/odraniemen.org\/sklep\/?s={search_term_string}"},"query-input":"required name=search_term_string"}],"inLanguage":"pl-PL"},{"@type":"Organization","@id":"https:\/\/odraniemen.org\/sklep\/#organization","name":"Odra Niemen Sklep Charytatywny","url":"https:\/\/odraniemen.org\/sklep\/","logo":{"@type":"ImageObject","inLanguage":"pl-PL","@id":"https:\/\/odraniemen.org\/sklep\/#\/schema\/logo\/image\/","url":"https:\/\/odraniemen.org\/sklep\/wp-content\/uploads\/sites\/8\/2022\/05\/cropped-logo-menu1.png","contentUrl":"https:\/\/odraniemen.org\/sklep\/wp-content\/uploads\/sites\/8\/2022\/05\/cropped-logo-menu1.png","width":324,"height":250,"caption":"Odra Niemen Sklep Charytatywny"},"image":{"@id":"https:\/\/odraniemen.org\/sklep\/#\/schema\/logo\/image\/"}}]}},"_links":{"self":[{"href":"https:\/\/odraniemen.org\/sklep\/wp-json\/wp\/v2\/product\/4457"}],"collection":[{"href":"https:\/\/odraniemen.org\/sklep\/wp-json\/wp\/v2\/product"}],"about":[{"href":"https:\/\/odraniemen.org\/sklep\/wp-json\/wp\/v2\/types\/product"}],"replies":[{"embeddable":true,"href":"https:\/\/odraniemen.org\/sklep\/wp-json\/wp\/v2\/comments?post=4457"}],"wp:featuredmedia":[{"embeddable":true,"href":"https:\/\/odraniemen.org\/sklep\/wp-json\/wp\/v2\/media\/5792"}],"wp:attachment":[{"href":"https:\/\/odraniemen.org\/sklep\/wp-json\/wp\/v2\/media?parent=4457"}],"wp:term":[{"taxonomy":"product_cat","embeddable":true,"href":"https:\/\/odraniemen.org\/sklep\/wp-json\/wp\/v2\/product_cat?post=4457"},{"taxonomy":"product_tag","embeddable":true,"href":"https:\/\/odraniemen.org\/sklep\/wp-json\/wp\/v2\/product_tag?post=4457"}],"curies":[{"name":"wp","href":"https:\/\/api.w.org\/{rel}","templated":true}]}}