
{"id":4680,"date":"2022-04-13T10:31:50","date_gmt":"2022-04-13T08:31:50","guid":{"rendered":"https:\/\/odraniemen.org\/sklep\/?post_type=product&#038;p=4680"},"modified":"2024-08-12T09:20:29","modified_gmt":"2024-08-12T07:20:29","slug":"zolnierze-szczerbca","status":"publish","type":"product","link":"https:\/\/odraniemen.org\/sklep\/produkt\/zolnierze-szczerbca\/","title":{"rendered":"&#8220;\u017bo\u0142nierze Szczerbca&#8221;"},"content":{"rendered":"<p><font face=\"Roboto\"><\/p>\n<p style=\"line-height: 150%\"><strong>Wyj\u0105tkowy album, po\u015bwi\u0119cony historii 3. Brygady Wile\u0144skiej Armii Krajowej, pod dow\u00f3dztwem Gracjana Froga, ps. &#8220;Szczerbiec&#8221;.<\/p>\n<p><font face=\"Roboto\"><\/p>\n<p style=\"line-height: 150%\"><strong>Bogato ilustrowany, ponad 240-stronicowy album dost\u0119pny w sprzeda\u017cy tylko w naszym sklepie,<br \/> co czyni go wyj\u0105tkowym i wartym uwagi, dla wszystkich mi\u0142o\u015bnik\u00f3w historii.<br \/> 3. Brygada Wile\u0144ska AK powsta\u0142a w pierwszej po\u0142owie wrze\u015bnia 1943 w rejonie Su\u017can.<br \/> Organizatorem oddzia\u0142u by\u0142 por. Gracjan Fr\u00f3g ps. \u201eG\u00f3ral\u201d i \u201eSzczerbiec\u201d.<br \/> Brygada walczy\u0142a mi\u0119dzy innymi w Turgielach, Rudominie, Polanach i Mikuliszkach.<br \/> W nocy z 29 na 30 czerwca opanowa\u0142a Troki, zdobywaj\u0105c znaczne ilo\u015bci broni, amunicji i wyposa\u017cenia wojskowego.<br \/> W maju skutecznie walczy\u0142a z litewskimi oddzia\u0142ami i opanowa\u0142a Murowan\u0105 Oszmiank\u0119.<br \/> W dniach 6-8 lipca 1944 walczy\u0142a o Wilno w ramach operacji \u201eOstra Brama\u201d. Brygada liczy\u0142a oko\u0142o 800 ludzi.<\/p>\n","protected":false},"excerpt":{"rendered":"<p><font face=\"Roboto\"><br \/>\n&nbsp;<\/p>\n<p>Typ ok\u0142adki: twarda<\/p>\n<p>&nbsp;<br \/>\nWyj\u0105tkowy album, po\u015bwi\u0119cony historii 3. Brygady Wile\u0144skiej Armii Krajowej,<br \/> pod dow\u00f3dztwem Gracjana Froga, ps. &#8220;Szczerbiec&#8221;<\/font><br \/>\n&nbsp;<\/p>\n","protected":false},"featured_media":4703,"comment_status":"open","ping_status":"closed","template":"","meta":{"site-sidebar-layout":"default","site-content-layout":"default","ast-site-content-layout":"","site-content-style":"default","site-sidebar-style":"default","ast-global-header-display":"","ast-banner-title-visibility":"","ast-main-header-display":"","ast-hfb-above-header-display":"","ast-hfb-below-header-display":"","ast-hfb-mobile-header-display":"","site-post-title":"","ast-breadcrumbs-content":"","ast-featured-img":"","footer-sml-layout":"","theme-transparent-header-meta":"default","adv-header-id-meta":"","stick-header-meta":"","header-above-stick-meta":"","header-main-stick-meta":"","header-below-stick-meta":"","astra-migrate-meta-layouts":"","ast-page-background-enabled":"default","ast-page-background-meta":{"desktop":{"background-color":"","background-image":"","background-repeat":"repeat","background-position":"center center","background-size":"auto","background-attachment":"scroll","background-type":"","background-media":"","overlay-type":"","overlay-color":"","overlay-gradient":""},"tablet":{"background-color":"","background-image":"","background-repeat":"repeat","background-position":"center center","background-size":"auto","background-attachment":"scroll","background-type":"","background-media":"","overlay-type":"","overlay-color":"","overlay-gradient":""},"mobile":{"background-color":"","background-image":"","background-repeat":"repeat","background-position":"center center","background-size":"auto","background-attachment":"scroll","background-type":"","background-media":"","overlay-type":"","overlay-color":"","overlay-gradient":""}},"ast-content-background-meta":{"desktop":{"background-color":"var(--ast-global-color-5)","background-image":"","background-repeat":"repeat","background-position":"center center","background-size":"auto","background-attachment":"scroll","background-type":"","background-media":"","overlay-type":"","overlay-color":"","overlay-gradient":""},"tablet":{"background-color":"var(--ast-global-color-5)","background-image":"","background-repeat":"repeat","background-position":"center center","background-size":"auto","background-attachment":"scroll","background-type":"","background-media":"","overlay-type":"","overlay-color":"","overlay-gradient":""},"mobile":{"background-color":"var(--ast-global-color-5)","background-image":"","background-repeat":"repeat","background-position":"center center","background-size":"auto","background-attachment":"scroll","background-type":"","background-media":"","overlay-type":"","overlay-color":"","overlay-gradient":""}}},"product_cat":[23],"product_tag":[],"yoast_head":"<!-- This site is optimized with the Yoast SEO plugin v21.6 - https:\/\/yoast.com\/wordpress\/plugins\/seo\/ -->\n<title>&quot;\u017bo\u0142nierze Szczerbca&quot; - Odra Niemen Sklep Charytatywny<\/title>\n<meta name=\"description\" content=\"Ksi\u0105\u017cka &quot;\u017bo\u0142nierze Szczerbca&quot; to wyj\u0105tkowy album, po\u015bwi\u0119cony historii 3. Brygady Wile\u0144skiej Armii Krajowej, pod dow\u00f3dztwem Gracjana Froga.\" \/>\n<meta name=\"robots\" content=\"index, follow, max-snippet:-1, max-image-preview:large, max-video-preview:-1\" \/>\n<link rel=\"canonical\" href=\"https:\/\/odraniemen.org\/sklep\/produkt\/zolnierze-szczerbca\/\" \/>\n<meta property=\"og:locale\" content=\"pl_PL\" \/>\n<meta property=\"og:type\" content=\"article\" \/>\n<meta property=\"og:title\" content=\"&quot;\u017bo\u0142nierze Szczerbca&quot; - Odra Niemen Sklep Charytatywny\" \/>\n<meta property=\"og:description\" content=\"Ksi\u0105\u017cka &quot;\u017bo\u0142nierze Szczerbca&quot; to wyj\u0105tkowy album, po\u015bwi\u0119cony historii 3. Brygady Wile\u0144skiej Armii Krajowej, pod dow\u00f3dztwem Gracjana Froga.\" \/>\n<meta property=\"og:url\" content=\"https:\/\/odraniemen.org\/sklep\/produkt\/zolnierze-szczerbca\/\" \/>\n<meta property=\"og:site_name\" content=\"Odra Niemen Sklep Charytatywny\" \/>\n<meta property=\"article:modified_time\" content=\"2024-08-12T07:20:29+00:00\" \/>\n<meta property=\"og:image\" content=\"https:\/\/odraniemen.org\/sklep\/wp-content\/uploads\/sites\/8\/2022\/04\/Zolnierze-szczerbca.jpg\" \/>\n\t<meta property=\"og:image:width\" content=\"750\" \/>\n\t<meta property=\"og:image:height\" content=\"1000\" \/>\n\t<meta property=\"og:image:type\" content=\"image\/jpeg\" \/>\n<meta name=\"twitter:card\" content=\"summary_large_image\" \/>\n<meta name=\"twitter:label1\" content=\"Szacowany czas czytania\" \/>\n\t<meta name=\"twitter:data1\" content=\"1 minuta\" \/>\n<script type=\"application\/ld+json\" class=\"yoast-schema-graph\">{\"@context\":\"https:\/\/schema.org\",\"@graph\":[{\"@type\":\"WebPage\",\"@id\":\"https:\/\/odraniemen.org\/sklep\/produkt\/zolnierze-szczerbca\/\",\"url\":\"https:\/\/odraniemen.org\/sklep\/produkt\/zolnierze-szczerbca\/\",\"name\":\"\\\"\u017bo\u0142nierze Szczerbca\\\" - Odra Niemen Sklep Charytatywny\",\"isPartOf\":{\"@id\":\"https:\/\/odraniemen.org\/sklep\/#website\"},\"datePublished\":\"2022-04-13T08:31:50+00:00\",\"dateModified\":\"2024-08-12T07:20:29+00:00\",\"description\":\"Ksi\u0105\u017cka \\\"\u017bo\u0142nierze Szczerbca\\\" to wyj\u0105tkowy album, po\u015bwi\u0119cony historii 3. Brygady Wile\u0144skiej Armii Krajowej, pod dow\u00f3dztwem Gracjana Froga.\",\"breadcrumb\":{\"@id\":\"https:\/\/odraniemen.org\/sklep\/produkt\/zolnierze-szczerbca\/#breadcrumb\"},\"inLanguage\":\"pl-PL\",\"potentialAction\":[{\"@type\":\"ReadAction\",\"target\":[\"https:\/\/odraniemen.org\/sklep\/produkt\/zolnierze-szczerbca\/\"]}]},{\"@type\":\"BreadcrumbList\",\"@id\":\"https:\/\/odraniemen.org\/sklep\/produkt\/zolnierze-szczerbca\/#breadcrumb\",\"itemListElement\":[{\"@type\":\"ListItem\",\"position\":1,\"name\":\"Strona g\u0142\u00f3wna\",\"item\":\"https:\/\/odraniemen.org\/sklep\/\"},{\"@type\":\"ListItem\",\"position\":2,\"name\":\"Sklep\",\"item\":\"https:\/\/odraniemen.org\/sklep\/sklep\/\"},{\"@type\":\"ListItem\",\"position\":3,\"name\":\"&#8222;\u017bo\u0142nierze Szczerbca&#8221;\"}]},{\"@type\":\"WebSite\",\"@id\":\"https:\/\/odraniemen.org\/sklep\/#website\",\"url\":\"https:\/\/odraniemen.org\/sklep\/\",\"name\":\"Odra Niemen Sklep Charytatywny\",\"description\":\"Sklep charytatywny Stowarzyszenia Odra-Niemen\",\"publisher\":{\"@id\":\"https:\/\/odraniemen.org\/sklep\/#organization\"},\"potentialAction\":[{\"@type\":\"SearchAction\",\"target\":{\"@type\":\"EntryPoint\",\"urlTemplate\":\"https:\/\/odraniemen.org\/sklep\/?s={search_term_string}\"},\"query-input\":\"required name=search_term_string\"}],\"inLanguage\":\"pl-PL\"},{\"@type\":\"Organization\",\"@id\":\"https:\/\/odraniemen.org\/sklep\/#organization\",\"name\":\"Odra Niemen Sklep Charytatywny\",\"url\":\"https:\/\/odraniemen.org\/sklep\/\",\"logo\":{\"@type\":\"ImageObject\",\"inLanguage\":\"pl-PL\",\"@id\":\"https:\/\/odraniemen.org\/sklep\/#\/schema\/logo\/image\/\",\"url\":\"https:\/\/odraniemen.org\/sklep\/wp-content\/uploads\/sites\/8\/2022\/05\/cropped-logo-menu1.png\",\"contentUrl\":\"https:\/\/odraniemen.org\/sklep\/wp-content\/uploads\/sites\/8\/2022\/05\/cropped-logo-menu1.png\",\"width\":324,\"height\":250,\"caption\":\"Odra Niemen Sklep Charytatywny\"},\"image\":{\"@id\":\"https:\/\/odraniemen.org\/sklep\/#\/schema\/logo\/image\/\"}}]}<\/script>\n<!-- \/ Yoast SEO plugin. -->","yoast_head_json":{"title":"\"\u017bo\u0142nierze Szczerbca\" - Odra Niemen Sklep Charytatywny","description":"Ksi\u0105\u017cka \"\u017bo\u0142nierze Szczerbca\" to wyj\u0105tkowy album, po\u015bwi\u0119cony historii 3. Brygady Wile\u0144skiej Armii Krajowej, pod dow\u00f3dztwem Gracjana Froga.","robots":{"index":"index","follow":"follow","max-snippet":"max-snippet:-1","max-image-preview":"max-image-preview:large","max-video-preview":"max-video-preview:-1"},"canonical":"https:\/\/odraniemen.org\/sklep\/produkt\/zolnierze-szczerbca\/","og_locale":"pl_PL","og_type":"article","og_title":"\"\u017bo\u0142nierze Szczerbca\" - Odra Niemen Sklep Charytatywny","og_description":"Ksi\u0105\u017cka \"\u017bo\u0142nierze Szczerbca\" to wyj\u0105tkowy album, po\u015bwi\u0119cony historii 3. Brygady Wile\u0144skiej Armii Krajowej, pod dow\u00f3dztwem Gracjana Froga.","og_url":"https:\/\/odraniemen.org\/sklep\/produkt\/zolnierze-szczerbca\/","og_site_name":"Odra Niemen Sklep Charytatywny","article_modified_time":"2024-08-12T07:20:29+00:00","og_image":[{"width":750,"height":1000,"url":"https:\/\/odraniemen.org\/sklep\/wp-content\/uploads\/sites\/8\/2022\/04\/Zolnierze-szczerbca.jpg","type":"image\/jpeg"}],"twitter_card":"summary_large_image","twitter_misc":{"Szacowany czas czytania":"1 minuta"},"schema":{"@context":"https:\/\/schema.org","@graph":[{"@type":"WebPage","@id":"https:\/\/odraniemen.org\/sklep\/produkt\/zolnierze-szczerbca\/","url":"https:\/\/odraniemen.org\/sklep\/produkt\/zolnierze-szczerbca\/","name":"\"\u017bo\u0142nierze Szczerbca\" - Odra Niemen Sklep Charytatywny","isPartOf":{"@id":"https:\/\/odraniemen.org\/sklep\/#website"},"datePublished":"2022-04-13T08:31:50+00:00","dateModified":"2024-08-12T07:20:29+00:00","description":"Ksi\u0105\u017cka \"\u017bo\u0142nierze Szczerbca\" to wyj\u0105tkowy album, po\u015bwi\u0119cony historii 3. Brygady Wile\u0144skiej Armii Krajowej, pod dow\u00f3dztwem Gracjana Froga.","breadcrumb":{"@id":"https:\/\/odraniemen.org\/sklep\/produkt\/zolnierze-szczerbca\/#breadcrumb"},"inLanguage":"pl-PL","potentialAction":[{"@type":"ReadAction","target":["https:\/\/odraniemen.org\/sklep\/produkt\/zolnierze-szczerbca\/"]}]},{"@type":"BreadcrumbList","@id":"https:\/\/odraniemen.org\/sklep\/produkt\/zolnierze-szczerbca\/#breadcrumb","itemListElement":[{"@type":"ListItem","position":1,"name":"Strona g\u0142\u00f3wna","item":"https:\/\/odraniemen.org\/sklep\/"},{"@type":"ListItem","position":2,"name":"Sklep","item":"https:\/\/odraniemen.org\/sklep\/sklep\/"},{"@type":"ListItem","position":3,"name":"&#8222;\u017bo\u0142nierze Szczerbca&#8221;"}]},{"@type":"WebSite","@id":"https:\/\/odraniemen.org\/sklep\/#website","url":"https:\/\/odraniemen.org\/sklep\/","name":"Odra Niemen Sklep Charytatywny","description":"Sklep charytatywny Stowarzyszenia Odra-Niemen","publisher":{"@id":"https:\/\/odraniemen.org\/sklep\/#organization"},"potentialAction":[{"@type":"SearchAction","target":{"@type":"EntryPoint","urlTemplate":"https:\/\/odraniemen.org\/sklep\/?s={search_term_string}"},"query-input":"required name=search_term_string"}],"inLanguage":"pl-PL"},{"@type":"Organization","@id":"https:\/\/odraniemen.org\/sklep\/#organization","name":"Odra Niemen Sklep Charytatywny","url":"https:\/\/odraniemen.org\/sklep\/","logo":{"@type":"ImageObject","inLanguage":"pl-PL","@id":"https:\/\/odraniemen.org\/sklep\/#\/schema\/logo\/image\/","url":"https:\/\/odraniemen.org\/sklep\/wp-content\/uploads\/sites\/8\/2022\/05\/cropped-logo-menu1.png","contentUrl":"https:\/\/odraniemen.org\/sklep\/wp-content\/uploads\/sites\/8\/2022\/05\/cropped-logo-menu1.png","width":324,"height":250,"caption":"Odra Niemen Sklep Charytatywny"},"image":{"@id":"https:\/\/odraniemen.org\/sklep\/#\/schema\/logo\/image\/"}}]}},"_links":{"self":[{"href":"https:\/\/odraniemen.org\/sklep\/wp-json\/wp\/v2\/product\/4680"}],"collection":[{"href":"https:\/\/odraniemen.org\/sklep\/wp-json\/wp\/v2\/product"}],"about":[{"href":"https:\/\/odraniemen.org\/sklep\/wp-json\/wp\/v2\/types\/product"}],"replies":[{"embeddable":true,"href":"https:\/\/odraniemen.org\/sklep\/wp-json\/wp\/v2\/comments?post=4680"}],"wp:featuredmedia":[{"embeddable":true,"href":"https:\/\/odraniemen.org\/sklep\/wp-json\/wp\/v2\/media\/4703"}],"wp:attachment":[{"href":"https:\/\/odraniemen.org\/sklep\/wp-json\/wp\/v2\/media?parent=4680"}],"wp:term":[{"taxonomy":"product_cat","embeddable":true,"href":"https:\/\/odraniemen.org\/sklep\/wp-json\/wp\/v2\/product_cat?post=4680"},{"taxonomy":"product_tag","embeddable":true,"href":"https:\/\/odraniemen.org\/sklep\/wp-json\/wp\/v2\/product_tag?post=4680"}],"curies":[{"name":"wp","href":"https:\/\/api.w.org\/{rel}","templated":true}]}}