
{"id":4946,"date":"2022-05-05T11:00:53","date_gmt":"2022-05-05T09:00:53","guid":{"rendered":"https:\/\/odraniemen.org\/sklep\/?post_type=product&#038;p=4946"},"modified":"2023-06-15T10:36:42","modified_gmt":"2023-06-15T08:36:42","slug":"sanatorium-dla-kombatanta","status":"publish","type":"product","link":"https:\/\/odraniemen.org\/sklep\/produkt\/sanatorium-dla-kombatanta\/","title":{"rendered":"Sanatorium dla bohatera"},"content":{"rendered":"<p style=\"line-height: 150%;\"><strong>Tego lata i jesieni po raz kolejny kombatanci oraz dzia\u0142acze z \u015brodowiska b\u0119d\u0105 mogli wypoczywa\u0107 w polskich sanatoriach.<br \/>\nKombatanci podczas pobytu otrzymaj\u0105 specjaln\u0105 fachow\u0105 opiek\u0119 dostosowan\u0105 do indywidualnych potrzeb.<br \/>\nWyjazd do sanatorium to nie tylko odpoczynek i rehabilitacja, ale r\u00f3wnie\u017c doskona\u0142y czas na integracje i dzielenie si\u0119 wspomnieniami.<br \/>\nDzienny koszt pobytu dla 1 osoby wynosi oko\u0142o 200 z\u0142.<br \/>\nW ramach tej ceny wchodzi specjalna oferta: wy\u017cywienie dostosowane dla kombatant\u00f3w, 3 zabiegi dziennie, program integracyjny.<br \/>\nNa kolejn\u0105 tur\u0119 przygotowujemy pobyt dla grupy oko\u0142o 50 os\u00f3b.<br \/>\nWp\u0142ata 200 z\u0142 to dzie\u0144 pobytu kolejnej osoby w uzdrowisku obj\u0119tej wsparciem medycznym. Jednak ka\u017cda donacja wzbogaci program kuracjuszy lub przyczyni si\u0119 do powi\u0119kszenia grupy.<br \/>\nZapewniamy, \u017ce nasi podopieczni wracaj\u0105 bardzo zadowoleni, a grupa ch\u0119tnych na kolejne wyjazdy ca\u0142y czas si\u0119 powi\u0119ksza \ud83d\ude42<\/strong><\/p>\n<p><strong>Za nami ju\u017c kilka edycji wyjazd\u00f3w do sanatori\u00f3w. Chcieli\u015bmy bardzo podzi\u0119kowa\u0107 w imieniu swoim oraz kuracjuszy za donacje na ten cel.\u00a0<\/strong><\/p>\n","protected":false},"excerpt":{"rendered":"<p style=\"line-height: 150%;\"><strong>Donacja na pobyt kombatant\u00f3w oraz dzia\u0142aczy z \u015brodowiska kombatanckiego w uzdrowisku.<br \/>\nJe\u015bli chcesz zwi\u0119kszy\u0107 kwot\u0119 donacji w okienku przy przycisku &#8220;dodaj do koszyka&#8221; ustaw odpowiedni\u0105 ilo\u015b\u0107.<\/strong><\/p>\n<p>&nbsp;<\/p>\n","protected":false},"featured_media":5020,"comment_status":"open","ping_status":"closed","template":"","meta":{"site-sidebar-layout":"default","site-content-layout":"default","ast-site-content-layout":"","site-content-style":"default","site-sidebar-style":"default","ast-global-header-display":"","ast-banner-title-visibility":"","ast-main-header-display":"","ast-hfb-above-header-display":"","ast-hfb-below-header-display":"","ast-hfb-mobile-header-display":"","site-post-title":"","ast-breadcrumbs-content":"","ast-featured-img":"","footer-sml-layout":"","theme-transparent-header-meta":"default","adv-header-id-meta":"","stick-header-meta":"","header-above-stick-meta":"","header-main-stick-meta":"","header-below-stick-meta":"","astra-migrate-meta-layouts":"","ast-page-background-enabled":"default","ast-page-background-meta":{"desktop":{"background-color":"","background-image":"","background-repeat":"repeat","background-position":"center center","background-size":"auto","background-attachment":"scroll","background-type":"","background-media":"","overlay-type":"","overlay-color":"","overlay-gradient":""},"tablet":{"background-color":"","background-image":"","background-repeat":"repeat","background-position":"center center","background-size":"auto","background-attachment":"scroll","background-type":"","background-media":"","overlay-type":"","overlay-color":"","overlay-gradient":""},"mobile":{"background-color":"","background-image":"","background-repeat":"repeat","background-position":"center center","background-size":"auto","background-attachment":"scroll","background-type":"","background-media":"","overlay-type":"","overlay-color":"","overlay-gradient":""}},"ast-content-background-meta":{"desktop":{"background-color":"var(--ast-global-color-5)","background-image":"","background-repeat":"repeat","background-position":"center center","background-size":"auto","background-attachment":"scroll","background-type":"","background-media":"","overlay-type":"","overlay-color":"","overlay-gradient":""},"tablet":{"background-color":"var(--ast-global-color-5)","background-image":"","background-repeat":"repeat","background-position":"center center","background-size":"auto","background-attachment":"scroll","background-type":"","background-media":"","overlay-type":"","overlay-color":"","overlay-gradient":""},"mobile":{"background-color":"var(--ast-global-color-5)","background-image":"","background-repeat":"repeat","background-position":"center center","background-size":"auto","background-attachment":"scroll","background-type":"","background-media":"","overlay-type":"","overlay-color":"","overlay-gradient":""}}},"product_cat":[82,53],"product_tag":[],"yoast_head":"<!-- This site is optimized with the Yoast SEO plugin v21.6 - https:\/\/yoast.com\/wordpress\/plugins\/seo\/ -->\n<title>Sanatorium dla bohatera - Odra Niemen Sklep Charytatywny<\/title>\n<meta name=\"description\" content=\"Donacja na pobyt kombatant\u00f3w, dzia\u0142aczy spo\u0142ecznych, represjonowanych aktywist\u00f3w z Bia\u0142orusi i polskich uchod\u017ac\u00f3w z Ukrainy w uzdrowisku.\" \/>\n<meta name=\"robots\" content=\"index, follow, max-snippet:-1, max-image-preview:large, max-video-preview:-1\" \/>\n<link rel=\"canonical\" href=\"https:\/\/odraniemen.org\/sklep\/produkt\/sanatorium-dla-kombatanta\/\" \/>\n<meta property=\"og:locale\" content=\"pl_PL\" \/>\n<meta property=\"og:type\" content=\"article\" \/>\n<meta property=\"og:title\" content=\"Sanatorium dla bohatera - Odra Niemen Sklep Charytatywny\" \/>\n<meta property=\"og:description\" content=\"Donacja na pobyt kombatant\u00f3w, dzia\u0142aczy spo\u0142ecznych, represjonowanych aktywist\u00f3w z Bia\u0142orusi i polskich uchod\u017ac\u00f3w z Ukrainy w uzdrowisku.\" \/>\n<meta property=\"og:url\" content=\"https:\/\/odraniemen.org\/sklep\/produkt\/sanatorium-dla-kombatanta\/\" \/>\n<meta property=\"og:site_name\" content=\"Odra Niemen Sklep Charytatywny\" \/>\n<meta property=\"article:modified_time\" content=\"2023-06-15T08:36:42+00:00\" \/>\n<meta property=\"og:image\" content=\"https:\/\/odraniemen.org\/sklep\/wp-content\/uploads\/sites\/8\/2022\/05\/sANATORIUM-DLA-BOHATERA-SKLEP.jpg\" \/>\n\t<meta property=\"og:image:width\" content=\"750\" \/>\n\t<meta property=\"og:image:height\" content=\"1000\" \/>\n\t<meta property=\"og:image:type\" content=\"image\/jpeg\" \/>\n<meta name=\"twitter:card\" content=\"summary_large_image\" \/>\n<meta name=\"twitter:label1\" content=\"Szacowany czas czytania\" \/>\n\t<meta name=\"twitter:data1\" content=\"1 minuta\" \/>\n<script type=\"application\/ld+json\" class=\"yoast-schema-graph\">{\"@context\":\"https:\/\/schema.org\",\"@graph\":[{\"@type\":\"WebPage\",\"@id\":\"https:\/\/odraniemen.org\/sklep\/produkt\/sanatorium-dla-kombatanta\/\",\"url\":\"https:\/\/odraniemen.org\/sklep\/produkt\/sanatorium-dla-kombatanta\/\",\"name\":\"Sanatorium dla bohatera - Odra Niemen Sklep Charytatywny\",\"isPartOf\":{\"@id\":\"https:\/\/odraniemen.org\/sklep\/#website\"},\"datePublished\":\"2022-05-05T09:00:53+00:00\",\"dateModified\":\"2023-06-15T08:36:42+00:00\",\"description\":\"Donacja na pobyt kombatant\u00f3w, dzia\u0142aczy spo\u0142ecznych, represjonowanych aktywist\u00f3w z Bia\u0142orusi i polskich uchod\u017ac\u00f3w z Ukrainy w uzdrowisku.\",\"breadcrumb\":{\"@id\":\"https:\/\/odraniemen.org\/sklep\/produkt\/sanatorium-dla-kombatanta\/#breadcrumb\"},\"inLanguage\":\"pl-PL\",\"potentialAction\":[{\"@type\":\"ReadAction\",\"target\":[\"https:\/\/odraniemen.org\/sklep\/produkt\/sanatorium-dla-kombatanta\/\"]}]},{\"@type\":\"BreadcrumbList\",\"@id\":\"https:\/\/odraniemen.org\/sklep\/produkt\/sanatorium-dla-kombatanta\/#breadcrumb\",\"itemListElement\":[{\"@type\":\"ListItem\",\"position\":1,\"name\":\"Strona g\u0142\u00f3wna\",\"item\":\"https:\/\/odraniemen.org\/sklep\/\"},{\"@type\":\"ListItem\",\"position\":2,\"name\":\"Sklep\",\"item\":\"https:\/\/odraniemen.org\/sklep\/sklep\/\"},{\"@type\":\"ListItem\",\"position\":3,\"name\":\"Sanatorium dla bohatera\"}]},{\"@type\":\"WebSite\",\"@id\":\"https:\/\/odraniemen.org\/sklep\/#website\",\"url\":\"https:\/\/odraniemen.org\/sklep\/\",\"name\":\"Odra Niemen Sklep Charytatywny\",\"description\":\"Sklep charytatywny Stowarzyszenia Odra-Niemen\",\"publisher\":{\"@id\":\"https:\/\/odraniemen.org\/sklep\/#organization\"},\"potentialAction\":[{\"@type\":\"SearchAction\",\"target\":{\"@type\":\"EntryPoint\",\"urlTemplate\":\"https:\/\/odraniemen.org\/sklep\/?s={search_term_string}\"},\"query-input\":\"required name=search_term_string\"}],\"inLanguage\":\"pl-PL\"},{\"@type\":\"Organization\",\"@id\":\"https:\/\/odraniemen.org\/sklep\/#organization\",\"name\":\"Odra Niemen Sklep Charytatywny\",\"url\":\"https:\/\/odraniemen.org\/sklep\/\",\"logo\":{\"@type\":\"ImageObject\",\"inLanguage\":\"pl-PL\",\"@id\":\"https:\/\/odraniemen.org\/sklep\/#\/schema\/logo\/image\/\",\"url\":\"https:\/\/odraniemen.org\/sklep\/wp-content\/uploads\/sites\/8\/2022\/05\/cropped-logo-menu1.png\",\"contentUrl\":\"https:\/\/odraniemen.org\/sklep\/wp-content\/uploads\/sites\/8\/2022\/05\/cropped-logo-menu1.png\",\"width\":324,\"height\":250,\"caption\":\"Odra Niemen Sklep Charytatywny\"},\"image\":{\"@id\":\"https:\/\/odraniemen.org\/sklep\/#\/schema\/logo\/image\/\"}}]}<\/script>\n<!-- \/ Yoast SEO plugin. -->","yoast_head_json":{"title":"Sanatorium dla bohatera - Odra Niemen Sklep Charytatywny","description":"Donacja na pobyt kombatant\u00f3w, dzia\u0142aczy spo\u0142ecznych, represjonowanych aktywist\u00f3w z Bia\u0142orusi i polskich uchod\u017ac\u00f3w z Ukrainy w uzdrowisku.","robots":{"index":"index","follow":"follow","max-snippet":"max-snippet:-1","max-image-preview":"max-image-preview:large","max-video-preview":"max-video-preview:-1"},"canonical":"https:\/\/odraniemen.org\/sklep\/produkt\/sanatorium-dla-kombatanta\/","og_locale":"pl_PL","og_type":"article","og_title":"Sanatorium dla bohatera - Odra Niemen Sklep Charytatywny","og_description":"Donacja na pobyt kombatant\u00f3w, dzia\u0142aczy spo\u0142ecznych, represjonowanych aktywist\u00f3w z Bia\u0142orusi i polskich uchod\u017ac\u00f3w z Ukrainy w uzdrowisku.","og_url":"https:\/\/odraniemen.org\/sklep\/produkt\/sanatorium-dla-kombatanta\/","og_site_name":"Odra Niemen Sklep Charytatywny","article_modified_time":"2023-06-15T08:36:42+00:00","og_image":[{"width":750,"height":1000,"url":"https:\/\/odraniemen.org\/sklep\/wp-content\/uploads\/sites\/8\/2022\/05\/sANATORIUM-DLA-BOHATERA-SKLEP.jpg","type":"image\/jpeg"}],"twitter_card":"summary_large_image","twitter_misc":{"Szacowany czas czytania":"1 minuta"},"schema":{"@context":"https:\/\/schema.org","@graph":[{"@type":"WebPage","@id":"https:\/\/odraniemen.org\/sklep\/produkt\/sanatorium-dla-kombatanta\/","url":"https:\/\/odraniemen.org\/sklep\/produkt\/sanatorium-dla-kombatanta\/","name":"Sanatorium dla bohatera - Odra Niemen Sklep Charytatywny","isPartOf":{"@id":"https:\/\/odraniemen.org\/sklep\/#website"},"datePublished":"2022-05-05T09:00:53+00:00","dateModified":"2023-06-15T08:36:42+00:00","description":"Donacja na pobyt kombatant\u00f3w, dzia\u0142aczy spo\u0142ecznych, represjonowanych aktywist\u00f3w z Bia\u0142orusi i polskich uchod\u017ac\u00f3w z Ukrainy w uzdrowisku.","breadcrumb":{"@id":"https:\/\/odraniemen.org\/sklep\/produkt\/sanatorium-dla-kombatanta\/#breadcrumb"},"inLanguage":"pl-PL","potentialAction":[{"@type":"ReadAction","target":["https:\/\/odraniemen.org\/sklep\/produkt\/sanatorium-dla-kombatanta\/"]}]},{"@type":"BreadcrumbList","@id":"https:\/\/odraniemen.org\/sklep\/produkt\/sanatorium-dla-kombatanta\/#breadcrumb","itemListElement":[{"@type":"ListItem","position":1,"name":"Strona g\u0142\u00f3wna","item":"https:\/\/odraniemen.org\/sklep\/"},{"@type":"ListItem","position":2,"name":"Sklep","item":"https:\/\/odraniemen.org\/sklep\/sklep\/"},{"@type":"ListItem","position":3,"name":"Sanatorium dla bohatera"}]},{"@type":"WebSite","@id":"https:\/\/odraniemen.org\/sklep\/#website","url":"https:\/\/odraniemen.org\/sklep\/","name":"Odra Niemen Sklep Charytatywny","description":"Sklep charytatywny Stowarzyszenia Odra-Niemen","publisher":{"@id":"https:\/\/odraniemen.org\/sklep\/#organization"},"potentialAction":[{"@type":"SearchAction","target":{"@type":"EntryPoint","urlTemplate":"https:\/\/odraniemen.org\/sklep\/?s={search_term_string}"},"query-input":"required name=search_term_string"}],"inLanguage":"pl-PL"},{"@type":"Organization","@id":"https:\/\/odraniemen.org\/sklep\/#organization","name":"Odra Niemen Sklep Charytatywny","url":"https:\/\/odraniemen.org\/sklep\/","logo":{"@type":"ImageObject","inLanguage":"pl-PL","@id":"https:\/\/odraniemen.org\/sklep\/#\/schema\/logo\/image\/","url":"https:\/\/odraniemen.org\/sklep\/wp-content\/uploads\/sites\/8\/2022\/05\/cropped-logo-menu1.png","contentUrl":"https:\/\/odraniemen.org\/sklep\/wp-content\/uploads\/sites\/8\/2022\/05\/cropped-logo-menu1.png","width":324,"height":250,"caption":"Odra Niemen Sklep Charytatywny"},"image":{"@id":"https:\/\/odraniemen.org\/sklep\/#\/schema\/logo\/image\/"}}]}},"_links":{"self":[{"href":"https:\/\/odraniemen.org\/sklep\/wp-json\/wp\/v2\/product\/4946"}],"collection":[{"href":"https:\/\/odraniemen.org\/sklep\/wp-json\/wp\/v2\/product"}],"about":[{"href":"https:\/\/odraniemen.org\/sklep\/wp-json\/wp\/v2\/types\/product"}],"replies":[{"embeddable":true,"href":"https:\/\/odraniemen.org\/sklep\/wp-json\/wp\/v2\/comments?post=4946"}],"wp:featuredmedia":[{"embeddable":true,"href":"https:\/\/odraniemen.org\/sklep\/wp-json\/wp\/v2\/media\/5020"}],"wp:attachment":[{"href":"https:\/\/odraniemen.org\/sklep\/wp-json\/wp\/v2\/media?parent=4946"}],"wp:term":[{"taxonomy":"product_cat","embeddable":true,"href":"https:\/\/odraniemen.org\/sklep\/wp-json\/wp\/v2\/product_cat?post=4946"},{"taxonomy":"product_tag","embeddable":true,"href":"https:\/\/odraniemen.org\/sklep\/wp-json\/wp\/v2\/product_tag?post=4946"}],"curies":[{"name":"wp","href":"https:\/\/api.w.org\/{rel}","templated":true}]}}