
{"id":618,"date":"2021-01-25T14:12:48","date_gmt":"2021-01-25T13:12:48","guid":{"rendered":"https:\/\/odraniemen.org\/sklep\/?post_type=product&#038;p=618"},"modified":"2024-04-15T13:27:16","modified_gmt":"2024-04-15T11:27:16","slug":"z-otchlani-t-pluzanski","status":"publish","type":"product","link":"https:\/\/odraniemen.org\/sklep\/produkt\/z-otchlani-t-pluzanski\/","title":{"rendered":"&#8220;Z otch\u0142ani&#8221; T. P\u0142u\u017ca\u0144ski"},"content":{"rendered":"<p><font face=\"Roboto\"><\/p>\n<p style=\"line-height: 150%\"><strong>Powie\u015b\u0107 autobiograficzna &#8220;Z otch\u0142ani&#8221; jest zapisem wspomnie\u0144 jednego z \u017bo\u0142nierzy Wykl\u0119tych &#8211; Tadeusza P\u0142u\u017ca\u0144skiego &#8211; wi\u0119\u017ania dw\u00f3ch system\u00f3w totalitarnych, kt\u00f3re odcisn\u0119\u0142y tragiczne pi\u0119tno na losach Polak\u00f3w w XX w. Dramatyczne wydarzenia okresu okupacji niemieckiej s\u0105 w niej tylko wst\u0119pem do powojennego koszmaru, jakim by\u0142 komunizm. Autor &#8211; kurier Witolda Pileckiego, s\u0105dzony i skazany na podw\u00f3jn\u0105 kar\u0119 \u015bmierci, zamienion\u0105 na do\u017cywocie &#8211; pr\u00f3buje rozliczy\u0107 si\u0119 z demonami przesz\u0142o\u015bci, dokona\u0107 rachunku sumienia i zmusi\u0107 nas do zastanowienia si\u0119 nad najwa\u017cniejszymi warto\u015bciami: wolno\u015bci\u0105, godno\u015bci\u0105, mi\u0142o\u015bci\u0105 i wreszcie uczciwo\u015bci\u0105.<\/p>\n","protected":false},"excerpt":{"rendered":"<p>&nbsp;<\/p>\n<p><font face=\"Roboto\">Autor: Tadeusz M. P\u0142u\u017ca\u0144ski<\/p>\n<p>&nbsp;<\/p>\n<p>Typ ok\u0142adki: mi\u0119kka<\/p>\n<p>&nbsp;<\/p>\n<p>Wydawca: 2 kolory<\/p>\n<p>&nbsp;<\/p>\n<p>Wymiary: 145&#215;205<\/p>\n<p>&nbsp;<\/p>\n<p>Liczba stron: 415<\/p>\n<p>&nbsp;<\/p>\n<p>Data wydania: 2014<\/font><\/p>\n<p>&nbsp;<\/p>\n<p>&nbsp;<\/p>\n<p>&nbsp;<\/p>\n","protected":false},"featured_media":4791,"comment_status":"open","ping_status":"closed","template":"","meta":{"site-sidebar-layout":"default","site-content-layout":"default","ast-site-content-layout":"","site-content-style":"default","site-sidebar-style":"default","ast-global-header-display":"","ast-banner-title-visibility":"","ast-main-header-display":"","ast-hfb-above-header-display":"","ast-hfb-below-header-display":"","ast-hfb-mobile-header-display":"","site-post-title":"","ast-breadcrumbs-content":"","ast-featured-img":"","footer-sml-layout":"","theme-transparent-header-meta":"default","adv-header-id-meta":"","stick-header-meta":"","header-above-stick-meta":"","header-main-stick-meta":"","header-below-stick-meta":"","astra-migrate-meta-layouts":"","ast-page-background-enabled":"default","ast-page-background-meta":{"desktop":{"background-color":"","background-image":"","background-repeat":"repeat","background-position":"center center","background-size":"auto","background-attachment":"scroll","background-type":"","background-media":"","overlay-type":"","overlay-color":"","overlay-gradient":""},"tablet":{"background-color":"","background-image":"","background-repeat":"repeat","background-position":"center center","background-size":"auto","background-attachment":"scroll","background-type":"","background-media":"","overlay-type":"","overlay-color":"","overlay-gradient":""},"mobile":{"background-color":"","background-image":"","background-repeat":"repeat","background-position":"center center","background-size":"auto","background-attachment":"scroll","background-type":"","background-media":"","overlay-type":"","overlay-color":"","overlay-gradient":""}},"ast-content-background-meta":{"desktop":{"background-color":"var(--ast-global-color-5)","background-image":"","background-repeat":"repeat","background-position":"center center","background-size":"auto","background-attachment":"scroll","background-type":"","background-media":"","overlay-type":"","overlay-color":"","overlay-gradient":""},"tablet":{"background-color":"var(--ast-global-color-5)","background-image":"","background-repeat":"repeat","background-position":"center center","background-size":"auto","background-attachment":"scroll","background-type":"","background-media":"","overlay-type":"","overlay-color":"","overlay-gradient":""},"mobile":{"background-color":"var(--ast-global-color-5)","background-image":"","background-repeat":"repeat","background-position":"center center","background-size":"auto","background-attachment":"scroll","background-type":"","background-media":"","overlay-type":"","overlay-color":"","overlay-gradient":""}}},"product_cat":[53,23],"product_tag":[],"yoast_head":"<!-- This site is optimized with the Yoast SEO plugin v21.6 - https:\/\/yoast.com\/wordpress\/plugins\/seo\/ -->\n<title>&quot;Z otch\u0142ani&quot; T. P\u0142u\u017ca\u0144ski - Odra Niemen Sklep Charytatywny<\/title>\n<meta name=\"description\" content=\"Powie\u015b\u0107 autobiograficzna &quot;Z otch\u0142ani&quot; jest zapisem wspomnie\u0144 jednego z \u017bo\u0142nierzy Wykl\u0119tych - Tadeusza P\u0142u\u017ca\u0144skiego.\" \/>\n<meta name=\"robots\" content=\"index, follow, max-snippet:-1, max-image-preview:large, max-video-preview:-1\" \/>\n<link rel=\"canonical\" href=\"https:\/\/odraniemen.org\/sklep\/produkt\/z-otchlani-t-pluzanski\/\" \/>\n<meta property=\"og:locale\" content=\"pl_PL\" \/>\n<meta property=\"og:type\" content=\"article\" \/>\n<meta property=\"og:title\" content=\"&quot;Z otch\u0142ani&quot; T. P\u0142u\u017ca\u0144ski - Odra Niemen Sklep Charytatywny\" \/>\n<meta property=\"og:description\" content=\"Powie\u015b\u0107 autobiograficzna &quot;Z otch\u0142ani&quot; jest zapisem wspomnie\u0144 jednego z \u017bo\u0142nierzy Wykl\u0119tych - Tadeusza P\u0142u\u017ca\u0144skiego.\" \/>\n<meta property=\"og:url\" content=\"https:\/\/odraniemen.org\/sklep\/produkt\/z-otchlani-t-pluzanski\/\" \/>\n<meta property=\"og:site_name\" content=\"Odra Niemen Sklep Charytatywny\" \/>\n<meta property=\"article:modified_time\" content=\"2024-04-15T11:27:16+00:00\" \/>\n<meta property=\"og:image\" content=\"https:\/\/odraniemen.org\/sklep\/wp-content\/uploads\/sites\/8\/2021\/01\/Z-Otchlani-1.jpg\" \/>\n\t<meta property=\"og:image:width\" content=\"750\" \/>\n\t<meta property=\"og:image:height\" content=\"1000\" \/>\n\t<meta property=\"og:image:type\" content=\"image\/jpeg\" \/>\n<meta name=\"twitter:card\" content=\"summary_large_image\" \/>\n<meta name=\"twitter:label1\" content=\"Szacowany czas czytania\" \/>\n\t<meta name=\"twitter:data1\" content=\"1 minuta\" \/>\n<script type=\"application\/ld+json\" class=\"yoast-schema-graph\">{\"@context\":\"https:\/\/schema.org\",\"@graph\":[{\"@type\":\"WebPage\",\"@id\":\"https:\/\/odraniemen.org\/sklep\/produkt\/z-otchlani-t-pluzanski\/\",\"url\":\"https:\/\/odraniemen.org\/sklep\/produkt\/z-otchlani-t-pluzanski\/\",\"name\":\"\\\"Z otch\u0142ani\\\" T. P\u0142u\u017ca\u0144ski - Odra Niemen Sklep Charytatywny\",\"isPartOf\":{\"@id\":\"https:\/\/odraniemen.org\/sklep\/#website\"},\"datePublished\":\"2021-01-25T13:12:48+00:00\",\"dateModified\":\"2024-04-15T11:27:16+00:00\",\"description\":\"Powie\u015b\u0107 autobiograficzna \\\"Z otch\u0142ani\\\" jest zapisem wspomnie\u0144 jednego z \u017bo\u0142nierzy Wykl\u0119tych - Tadeusza P\u0142u\u017ca\u0144skiego.\",\"breadcrumb\":{\"@id\":\"https:\/\/odraniemen.org\/sklep\/produkt\/z-otchlani-t-pluzanski\/#breadcrumb\"},\"inLanguage\":\"pl-PL\",\"potentialAction\":[{\"@type\":\"ReadAction\",\"target\":[\"https:\/\/odraniemen.org\/sklep\/produkt\/z-otchlani-t-pluzanski\/\"]}]},{\"@type\":\"BreadcrumbList\",\"@id\":\"https:\/\/odraniemen.org\/sklep\/produkt\/z-otchlani-t-pluzanski\/#breadcrumb\",\"itemListElement\":[{\"@type\":\"ListItem\",\"position\":1,\"name\":\"Strona g\u0142\u00f3wna\",\"item\":\"https:\/\/odraniemen.org\/sklep\/\"},{\"@type\":\"ListItem\",\"position\":2,\"name\":\"Sklep\",\"item\":\"https:\/\/odraniemen.org\/sklep\/sklep\/\"},{\"@type\":\"ListItem\",\"position\":3,\"name\":\"&#8222;Z otch\u0142ani&#8221; T. P\u0142u\u017ca\u0144ski\"}]},{\"@type\":\"WebSite\",\"@id\":\"https:\/\/odraniemen.org\/sklep\/#website\",\"url\":\"https:\/\/odraniemen.org\/sklep\/\",\"name\":\"Odra Niemen Sklep Charytatywny\",\"description\":\"Sklep charytatywny Stowarzyszenia Odra-Niemen\",\"publisher\":{\"@id\":\"https:\/\/odraniemen.org\/sklep\/#organization\"},\"potentialAction\":[{\"@type\":\"SearchAction\",\"target\":{\"@type\":\"EntryPoint\",\"urlTemplate\":\"https:\/\/odraniemen.org\/sklep\/?s={search_term_string}\"},\"query-input\":\"required name=search_term_string\"}],\"inLanguage\":\"pl-PL\"},{\"@type\":\"Organization\",\"@id\":\"https:\/\/odraniemen.org\/sklep\/#organization\",\"name\":\"Odra Niemen Sklep Charytatywny\",\"url\":\"https:\/\/odraniemen.org\/sklep\/\",\"logo\":{\"@type\":\"ImageObject\",\"inLanguage\":\"pl-PL\",\"@id\":\"https:\/\/odraniemen.org\/sklep\/#\/schema\/logo\/image\/\",\"url\":\"https:\/\/odraniemen.org\/sklep\/wp-content\/uploads\/sites\/8\/2022\/05\/cropped-logo-menu1.png\",\"contentUrl\":\"https:\/\/odraniemen.org\/sklep\/wp-content\/uploads\/sites\/8\/2022\/05\/cropped-logo-menu1.png\",\"width\":324,\"height\":250,\"caption\":\"Odra Niemen Sklep Charytatywny\"},\"image\":{\"@id\":\"https:\/\/odraniemen.org\/sklep\/#\/schema\/logo\/image\/\"}}]}<\/script>\n<!-- \/ Yoast SEO plugin. -->","yoast_head_json":{"title":"\"Z otch\u0142ani\" T. P\u0142u\u017ca\u0144ski - Odra Niemen Sklep Charytatywny","description":"Powie\u015b\u0107 autobiograficzna \"Z otch\u0142ani\" jest zapisem wspomnie\u0144 jednego z \u017bo\u0142nierzy Wykl\u0119tych - Tadeusza P\u0142u\u017ca\u0144skiego.","robots":{"index":"index","follow":"follow","max-snippet":"max-snippet:-1","max-image-preview":"max-image-preview:large","max-video-preview":"max-video-preview:-1"},"canonical":"https:\/\/odraniemen.org\/sklep\/produkt\/z-otchlani-t-pluzanski\/","og_locale":"pl_PL","og_type":"article","og_title":"\"Z otch\u0142ani\" T. P\u0142u\u017ca\u0144ski - Odra Niemen Sklep Charytatywny","og_description":"Powie\u015b\u0107 autobiograficzna \"Z otch\u0142ani\" jest zapisem wspomnie\u0144 jednego z \u017bo\u0142nierzy Wykl\u0119tych - Tadeusza P\u0142u\u017ca\u0144skiego.","og_url":"https:\/\/odraniemen.org\/sklep\/produkt\/z-otchlani-t-pluzanski\/","og_site_name":"Odra Niemen Sklep Charytatywny","article_modified_time":"2024-04-15T11:27:16+00:00","og_image":[{"width":750,"height":1000,"url":"https:\/\/odraniemen.org\/sklep\/wp-content\/uploads\/sites\/8\/2021\/01\/Z-Otchlani-1.jpg","type":"image\/jpeg"}],"twitter_card":"summary_large_image","twitter_misc":{"Szacowany czas czytania":"1 minuta"},"schema":{"@context":"https:\/\/schema.org","@graph":[{"@type":"WebPage","@id":"https:\/\/odraniemen.org\/sklep\/produkt\/z-otchlani-t-pluzanski\/","url":"https:\/\/odraniemen.org\/sklep\/produkt\/z-otchlani-t-pluzanski\/","name":"\"Z otch\u0142ani\" T. P\u0142u\u017ca\u0144ski - Odra Niemen Sklep Charytatywny","isPartOf":{"@id":"https:\/\/odraniemen.org\/sklep\/#website"},"datePublished":"2021-01-25T13:12:48+00:00","dateModified":"2024-04-15T11:27:16+00:00","description":"Powie\u015b\u0107 autobiograficzna \"Z otch\u0142ani\" jest zapisem wspomnie\u0144 jednego z \u017bo\u0142nierzy Wykl\u0119tych - Tadeusza P\u0142u\u017ca\u0144skiego.","breadcrumb":{"@id":"https:\/\/odraniemen.org\/sklep\/produkt\/z-otchlani-t-pluzanski\/#breadcrumb"},"inLanguage":"pl-PL","potentialAction":[{"@type":"ReadAction","target":["https:\/\/odraniemen.org\/sklep\/produkt\/z-otchlani-t-pluzanski\/"]}]},{"@type":"BreadcrumbList","@id":"https:\/\/odraniemen.org\/sklep\/produkt\/z-otchlani-t-pluzanski\/#breadcrumb","itemListElement":[{"@type":"ListItem","position":1,"name":"Strona g\u0142\u00f3wna","item":"https:\/\/odraniemen.org\/sklep\/"},{"@type":"ListItem","position":2,"name":"Sklep","item":"https:\/\/odraniemen.org\/sklep\/sklep\/"},{"@type":"ListItem","position":3,"name":"&#8222;Z otch\u0142ani&#8221; T. P\u0142u\u017ca\u0144ski"}]},{"@type":"WebSite","@id":"https:\/\/odraniemen.org\/sklep\/#website","url":"https:\/\/odraniemen.org\/sklep\/","name":"Odra Niemen Sklep Charytatywny","description":"Sklep charytatywny Stowarzyszenia Odra-Niemen","publisher":{"@id":"https:\/\/odraniemen.org\/sklep\/#organization"},"potentialAction":[{"@type":"SearchAction","target":{"@type":"EntryPoint","urlTemplate":"https:\/\/odraniemen.org\/sklep\/?s={search_term_string}"},"query-input":"required name=search_term_string"}],"inLanguage":"pl-PL"},{"@type":"Organization","@id":"https:\/\/odraniemen.org\/sklep\/#organization","name":"Odra Niemen Sklep Charytatywny","url":"https:\/\/odraniemen.org\/sklep\/","logo":{"@type":"ImageObject","inLanguage":"pl-PL","@id":"https:\/\/odraniemen.org\/sklep\/#\/schema\/logo\/image\/","url":"https:\/\/odraniemen.org\/sklep\/wp-content\/uploads\/sites\/8\/2022\/05\/cropped-logo-menu1.png","contentUrl":"https:\/\/odraniemen.org\/sklep\/wp-content\/uploads\/sites\/8\/2022\/05\/cropped-logo-menu1.png","width":324,"height":250,"caption":"Odra Niemen Sklep Charytatywny"},"image":{"@id":"https:\/\/odraniemen.org\/sklep\/#\/schema\/logo\/image\/"}}]}},"_links":{"self":[{"href":"https:\/\/odraniemen.org\/sklep\/wp-json\/wp\/v2\/product\/618"}],"collection":[{"href":"https:\/\/odraniemen.org\/sklep\/wp-json\/wp\/v2\/product"}],"about":[{"href":"https:\/\/odraniemen.org\/sklep\/wp-json\/wp\/v2\/types\/product"}],"replies":[{"embeddable":true,"href":"https:\/\/odraniemen.org\/sklep\/wp-json\/wp\/v2\/comments?post=618"}],"wp:featuredmedia":[{"embeddable":true,"href":"https:\/\/odraniemen.org\/sklep\/wp-json\/wp\/v2\/media\/4791"}],"wp:attachment":[{"href":"https:\/\/odraniemen.org\/sklep\/wp-json\/wp\/v2\/media?parent=618"}],"wp:term":[{"taxonomy":"product_cat","embeddable":true,"href":"https:\/\/odraniemen.org\/sklep\/wp-json\/wp\/v2\/product_cat?post=618"},{"taxonomy":"product_tag","embeddable":true,"href":"https:\/\/odraniemen.org\/sklep\/wp-json\/wp\/v2\/product_tag?post=618"}],"curies":[{"name":"wp","href":"https:\/\/api.w.org\/{rel}","templated":true}]}}

&#8220;Z otchłani&#8221; T. Płużański

<p><font face="Roboto"></p>
<p style="line-height: 150%"><strong>Powieść autobiograficzna &#8220;Z otchłani&#8221; jest zapisem wspomnień jednego z Żołnierzy Wyklętych &#8211; Tadeusza Płużańskiego &#8211; więźnia dwóch systemów totalitarnych, które odcisnęły tragiczne piętno na losach Polaków w XX w. Dramatyczne wydarzenia okresu okupacji niemieckiej są w niej tylko wstępem do powojennego koszmaru, jakim był komunizm. Autor &#8211; kurier Witolda Pileckiego, sądzony i skazany na podwójną karę śmierci, zamienioną na dożywocie &#8211; próbuje rozliczyć się z demonami przeszłości, dokonać rachunku sumienia i zmusić nas do zastanowienia się nad najważniejszymi wartościami: wolnością, godnością, miłością i wreszcie uczciwością.</p>

<p>&nbsp;</p>
<p><font face="Roboto">Autor: Tadeusz M. Płużański</p>
<p>&nbsp;</p>
<p>Typ okładki: miękka</p>
<p>&nbsp;</p>
<p>Wydawca: 2 kolory</p>
<p>&nbsp;</p>
<p>Wymiary: 145&#215;205</p>
<p>&nbsp;</p>
<p>Liczba stron: 415</p>
<p>&nbsp;</p>
<p>Data wydania: 2014</font></p>
<p>&nbsp;</p>
<p>&nbsp;</p>
<p>&nbsp;</p>

<!-- This site is optimized with the Yoast SEO plugin v21.6 - https://yoast.com/wordpress/plugins/seo/ -->
<title>&quot;Z otchłani&quot; T. Płużański - Odra Niemen Sklep Charytatywny</title>
<meta name="description" content="Powieść autobiograficzna &quot;Z otchłani&quot; jest zapisem wspomnień jednego z Żołnierzy Wyklętych - Tadeusza Płużańskiego." />
<meta name="robots" content="index, follow, max-snippet:-1, max-image-preview:large, max-video-preview:-1" />
<link rel="canonical" href="https://odraniemen.org/sklep/produkt/z-otchlani-t-pluzanski/" />
<meta property="og:locale" content="pl_PL" />
<meta property="og:type" content="article" />
<meta property="og:title" content="&quot;Z otchłani&quot; T. Płużański - Odra Niemen Sklep Charytatywny" />
<meta property="og:description" content="Powieść autobiograficzna &quot;Z otchłani&quot; jest zapisem wspomnień jednego z Żołnierzy Wyklętych - Tadeusza Płużańskiego." />
<meta property="og:url" content="https://odraniemen.org/sklep/produkt/z-otchlani-t-pluzanski/" />
<meta property="og:site_name" content="Odra Niemen Sklep Charytatywny" />
<meta property="article:modified_time" content="2024-04-15T11:27:16+00:00" />
<meta property="og:image" content="https://odraniemen.org/sklep/wp-content/uploads/sites/8/2021/01/Z-Otchlani-1.jpg" />
	<meta property="og:image:width" content="750" />
	<meta property="og:image:height" content="1000" />
	<meta property="og:image:type" content="image/jpeg" />
<meta name="twitter:card" content="summary_large_image" />
<meta name="twitter:label1" content="Szacowany czas czytania" />
	<meta name="twitter:data1" content="1 minuta" />
<script type="application/ld+json" class="yoast-schema-graph">{"@context":"https://schema.org","@graph":[{"@type":"WebPage","@id":"https://odraniemen.org/sklep/produkt/z-otchlani-t-pluzanski/","url":"https://odraniemen.org/sklep/produkt/z-otchlani-t-pluzanski/","name":"\"Z otchłani\" T. Płużański - Odra Niemen Sklep Charytatywny","isPartOf":{"@id":"https://odraniemen.org/sklep/#website"},"datePublished":"2021-01-25T13:12:48+00:00","dateModified":"2024-04-15T11:27:16+00:00","description":"Powieść autobiograficzna \"Z otchłani\" jest zapisem wspomnień jednego z Żołnierzy Wyklętych - Tadeusza Płużańskiego.","breadcrumb":{"@id":"https://odraniemen.org/sklep/produkt/z-otchlani-t-pluzanski/#breadcrumb"},"inLanguage":"pl-PL","potentialAction":[{"@type":"ReadAction","target":["https://odraniemen.org/sklep/produkt/z-otchlani-t-pluzanski/"]}]},{"@type":"BreadcrumbList","@id":"https://odraniemen.org/sklep/produkt/z-otchlani-t-pluzanski/#breadcrumb","itemListElement":[{"@type":"ListItem","position":1,"name":"Strona główna","item":"https://odraniemen.org/sklep/"},{"@type":"ListItem","position":2,"name":"Sklep","item":"https://odraniemen.org/sklep/sklep/"},{"@type":"ListItem","position":3,"name":"&#8222;Z otchłani&#8221; T. Płużański"}]},{"@type":"WebSite","@id":"https://odraniemen.org/sklep/#website","url":"https://odraniemen.org/sklep/","name":"Odra Niemen Sklep Charytatywny","description":"Sklep charytatywny Stowarzyszenia Odra-Niemen","publisher":{"@id":"https://odraniemen.org/sklep/#organization"},"potentialAction":[{"@type":"SearchAction","target":{"@type":"EntryPoint","urlTemplate":"https://odraniemen.org/sklep/?s={search_term_string}"},"query-input":"required name=search_term_string"}],"inLanguage":"pl-PL"},{"@type":"Organization","@id":"https://odraniemen.org/sklep/#organization","name":"Odra Niemen Sklep Charytatywny","url":"https://odraniemen.org/sklep/","logo":{"@type":"ImageObject","inLanguage":"pl-PL","@id":"https://odraniemen.org/sklep/#/schema/logo/image/","url":"https://odraniemen.org/sklep/wp-content/uploads/sites/8/2022/05/cropped-logo-menu1.png","contentUrl":"https://odraniemen.org/sklep/wp-content/uploads/sites/8/2022/05/cropped-logo-menu1.png","width":324,"height":250,"caption":"Odra Niemen Sklep Charytatywny"},"image":{"@id":"https://odraniemen.org/sklep/#/schema/logo/image/"}}]}</script>
<!-- / Yoast SEO plugin. -->

"Z otchłani" T. Płużański - Odra Niemen Sklep Charytatywny

Powieść autobiograficzna "Z otchłani" jest zapisem wspomnień jednego z Żołnierzy Wyklętych - Tadeusza Płużańskiego.

Strona główna

&#8222;Z otchłani&#8221; T. Płużański
